{"id":98,"date":"2019-04-16T09:34:07","date_gmt":"2019-04-16T07:34:07","guid":{"rendered":"https:\/\/www.ght-novo.fr\/ghi-vexin\/\/?page_id=98"},"modified":"2022-12-29T16:06:43","modified_gmt":"2022-12-29T15:06:43","slug":"comment-venir","status":"publish","type":"page","link":"https:\/\/hopital-novo.fr\/ghi-vexin\/presentation\/comment-venir\/","title":{"rendered":"Comment venir ?"},"content":{"rendered":"<h2><b>Site de Marines :<\/b><\/h2>\n<p>12 boulevard Gambetta, 95640 Marines (<a href=\"https:\/\/www.google.fr\/maps\/place\/12+Boulevard+Gambetta,+95640+Marines\/@49.1469548,1.9740495,17z\/data=!3m1!4b1!4m5!3m4!1s0x47e6f052d8e1da9b:0x4a5397b8d908d887!8m2!3d49.1469548!4d1.9762382\" target=\"_blank\" rel=\"noopener noreferrer\">lien google maps<\/a> )<\/p>\n<p><strong>En voiture :<\/strong><br \/>\nCoordonn\u00e9es GPS : N 49,147\u00b0 E 1,974\u00b0<br \/>\nDepuis Pontoise, prendre la D915 vers Gisors.<br \/>\nDepuis Magny-en-Vexin, prendre la D153 puis la D915 vers Pontoise.<\/p>\n<p><strong>En transports en commun :<\/strong><br \/>\nBus 95-08 Cergy Pr\u00e9fecture &#8211; Santeuil, arr\u00eat \u00abH\u00f4pital Marines\u00bb<\/p>\n<p>&nbsp;<\/p>\n<h2><b>Site d&rsquo;Aincourt :<\/b><\/h2>\n<p>Parc de la Bucaille, Aincourt 95510 (<a href=\"https:\/\/www.google.fr\/maps\/search\/Parc+de+la+Bucaille,+Aincourt+95510\/@49.0710196,1.2121275,9z\/data=!3m1!4b1\" target=\"_blank\" rel=\"noopener noreferrer\">lien google maps<\/a> )<\/p>\n<p><strong>En voiture :<\/strong><br \/>\nCoordonn\u00e9es GPS : N 49,07943\u00b0 E 1,76000\u00b0<\/p>\n<p>Autoroute A15 puis D14 &gt; Direction Rouen &gt; Sortie 20 Magny-en-Vexin puis D983 &gt; Direction Mantes-la-Jolie &gt; village d\u2019Aincourt, au fond du village.<\/p>\n<p>Autoroute A13 sortie 11 \u00e0 Mantes puis D983 &gt; Direction Beauvais &gt; village d\u2019Aincourt, au fond du village.<br \/>\nEn transports en commun :<\/p>\n<p>A partir des Gares de : Pontoise, Cergy pr\u00e9fecture, Cergy Saint-Christophe, Cergy le Haut = Ligne 95-04, en direction de Bray et L\u00fb, arr\u00eat Magny-en-Vexin gare routi\u00e8re, puis bus 95-44, arr\u00eat Aincourt, Centre hospitalier<\/p>\n<p>A partir de la Gare de Mantes-la-Jolie = Ligne 95-11, arr\u00eat Aincourt, Centre hospitalier.<\/p>\n<p>&nbsp;<\/p>\n<h2><b>Site de Magny-en-Vexin :<\/b><\/h2>\n<p>38, Rue Carnot, 95420 Magny-en-Vexin (<a href=\"https:\/\/www.google.fr\/maps\/place\/38+Rue+Carnot,+95420+Magny-en-Vexin\/@49.1546116,1.7827792,17z\/data=!3m1!4b1!4m5!3m4!1s0x47e6e84976f27685:0x52b2708518e257b4!8m2!3d49.1546116!4d1.7849679\" target=\"_blank\" rel=\"noopener noreferrer\">lien google maps<\/a> )<\/p>\n<p><strong>En voiture :<\/strong><br \/>\nCoordonn\u00e9es GPS : N 49,15459\u00b0 E 1,78495\u00b0<br \/>\nDepuis Pontoise : autoroute A15 puis Nationale 14 &gt; Direction Rouen, sortie Magny-en-Vexin, direction centre ville<\/p>\n<p>Depuis Mantes : D983 &gt; Direction Beauvais<\/p>\n<p><strong>En transports en commun :<\/strong><br \/>\nA partir des gares de Cergy Saint-Christophe, Cergy le Haut ou Pontoise, ligne 9504, en direction de Bray et L\u00fb. A Magny-en-Vexin descendre \u00e0 l\u2019arr\u00eat \u00ab\u00a0Place D\u2019armes\u00a0\u00bb<\/p>\n<p><a href=\"http:\/\/www.valdoise.fr\/350-le-reseau-busvaldoise.htm\" target=\"_blank\" rel=\"noopener noreferrer\">Horaires des lignes de bus du Vexin<\/a><\/p>\n<p>&nbsp;<\/p>\n","protected":false},"excerpt":{"rendered":"<p>Site de Marines : 12 boulevard Gambetta, 95640 Marines (lien google maps ) En voiture : Coordonn\u00e9es GPS : N 49,147\u00b0 E 1,974\u00b0 Depuis Pontoise, prendre la D915 vers Gisors. Depuis Magny-en-Vexin, prendre la D153 puis la D915 vers Pontoise. En transports en commun : Bus 95-08 Cergy Pr\u00e9fecture &#8211; Santeuil, arr\u00eat \u00abH\u00f4pital Marines\u00bb &nbsp; [&hellip;]<\/p>\n","protected":false},"author":1,"featured_media":0,"parent":581,"menu_order":0,"comment_status":"closed","ping_status":"closed","template":"","meta":{"_acf_changed":false,"footnotes":"","_links_to":"","_links_to_target":""},"class_list":["post-98","page","type-page","status-publish","hentry"],"acf":[],"_links":{"self":[{"href":"https:\/\/hopital-novo.fr\/ghi-vexin\/wp-json\/wp\/v2\/pages\/98","targetHints":{"allow":["GET"]}}],"collection":[{"href":"https:\/\/hopital-novo.fr\/ghi-vexin\/wp-json\/wp\/v2\/pages"}],"about":[{"href":"https:\/\/hopital-novo.fr\/ghi-vexin\/wp-json\/wp\/v2\/types\/page"}],"author":[{"embeddable":true,"href":"https:\/\/hopital-novo.fr\/ghi-vexin\/wp-json\/wp\/v2\/users\/1"}],"replies":[{"embeddable":true,"href":"https:\/\/hopital-novo.fr\/ghi-vexin\/wp-json\/wp\/v2\/comments?post=98"}],"version-history":[{"count":2,"href":"https:\/\/hopital-novo.fr\/ghi-vexin\/wp-json\/wp\/v2\/pages\/98\/revisions"}],"predecessor-version":[{"id":1595,"href":"https:\/\/hopital-novo.fr\/ghi-vexin\/wp-json\/wp\/v2\/pages\/98\/revisions\/1595"}],"up":[{"embeddable":true,"href":"https:\/\/hopital-novo.fr\/ghi-vexin\/wp-json\/wp\/v2\/pages\/581"}],"wp:attachment":[{"href":"https:\/\/hopital-novo.fr\/ghi-vexin\/wp-json\/wp\/v2\/media?parent=98"}],"curies":[{"name":"wp","href":"https:\/\/api.w.org\/{rel}","templated":true}]}}