{"id":282,"date":"2019-04-24T10:30:20","date_gmt":"2019-04-24T08:30:20","guid":{"rendered":"https:\/\/www.ght-novo.fr\/ghi-vexin\/\/?page_id=282"},"modified":"2026-04-23T15:59:33","modified_gmt":"2026-04-23T13:59:33","slug":"nos-offres-demploi","status":"publish","type":"page","link":"https:\/\/hopital-novo.fr\/ghi-vexin\/offres\/nos-offres-demploi\/","title":{"rendered":"Nos offres d&#8217;emploi"},"content":{"rendered":"<h2><span class=\"Normal-C7\">L&rsquo;H\u00f4pital NOVO recherche<br \/>\n<\/span><\/h2>\n<p>Retrouver les diff\u00e9rents postes \u00e0 pourvoir au sein de nos trois sites : Magny-en-Vexin, Marines et Aincourt.<\/p>\n<div class=\"su-accordion su-u-trim\"><\/div>\n<div class=\"su-spoiler su-spoiler-style-fancy su-spoiler-icon-plus su-spoiler-closed\" data-scroll-offset=\"0\" data-anchor-in-url=\"no\"><div class=\"su-spoiler-title\" tabindex=\"0\" role=\"button\"><span class=\"su-spoiler-icon\"><\/span>Offres d'emploi - Secteur m\u00e9dical<\/div><div class=\"su-spoiler-content su-u-clearfix su-u-trim\">\n<p><strong>M\u00e9decin g\u00e9n\u00e9raliste ou infectiologue.<\/strong> <a href=\"https:\/\/hopital-novo.fr\/ghi-vexin\/wp-content\/uploads\/2024\/09\/Offre_emploi_Medecin_G_Infectiologue_Magny.pdf\">Cliquez ici pour voir l&rsquo;offre.<\/a> Offre publi\u00e9e le 24\/07\/2024<\/p>\n<p><strong>M\u00e9decin g\u00e9n\u00e9raliste avec comp\u00e9tence en diab\u00e9tologie.<\/strong> <a href=\"https:\/\/hopital-novo.fr\/ghi-vexin\/wp-content\/uploads\/2024\/07\/Offre-emploi-Medecin_Generaliste_Aincourt.pdf\" target=\"_blank\" rel=\"noopener\">Cliquez ici pour voir l&rsquo;offre.<\/a> Offre publi\u00e9e le 24\/07\/2024<\/p>\n<\/div><\/div>\n<div class=\"su-accordion su-u-trim\"><\/div>\n<p style=\"text-align: left;\"><div class=\"su-spoiler su-spoiler-style-fancy su-spoiler-icon-plus su-spoiler-closed\" data-scroll-offset=\"0\" data-anchor-in-url=\"no\"><div class=\"su-spoiler-title\" tabindex=\"0\" role=\"button\"><span class=\"su-spoiler-icon\"><\/span>Offres d'emploi - Secteur param\u00e9dical<\/div><div class=\"su-spoiler-content su-u-clearfix su-u-trim\">\n<p><strong>Infirmier(e) aux urgences. <\/strong><a href=\"https:\/\/hopital-novo.fr\/ghi-vexin\/wp-content\/uploads\/2026\/04\/Offre-emploi-IDE-Urgences-Magny.pdf\" target=\"_blank\" rel=\"noopener\">Cliquez ici pour voir l&rsquo;offre. <\/a>Offre publi\u00e9e le 23\/04\/2026<\/p>\n<p style=\"text-align: left;\"><strong>Infirmier(e) Dipl\u00f4m\u00e9(e) d&rsquo;\u00c9tat pour l&rsquo;USLD.<\/strong> <a href=\"https:\/\/hopital-novo.fr\/ghi-vexin\/wp-content\/uploads\/2025\/02\/Offre-emploi-IDE-Nuit-USLD.pdf\" target=\"_blank\" rel=\"noopener\">Cliquez ici pour voir l&rsquo;offre.<\/a> Offre publi\u00e9e le 12\/02\/2026<\/p>\n<p style=\"text-align: left;\"><strong>Infirmier(e) SMRG &#8211; Marines. <\/strong><a href=\"https:\/\/hopital-novo.fr\/ghi-vexin\/wp-content\/uploads\/2025\/09\/IDE-SMRG-Marines.pdf\" target=\"_blank\" rel=\"noopener\">Cliquez ici pour voir l&rsquo;offre<\/a>. Offre publi\u00e9e le 12\/02\/2026<\/p>\n<p style=\"text-align: left;\"><strong>Infirmier(e) SMR Neurologie &#8211; Aincourt. <\/strong><span style=\"color: #3366ff;\"><a style=\"color: #3366ff;\" href=\"https:\/\/hopital-novo.fr\/ghi-vexin\/wp-content\/uploads\/2025\/11\/Offre-emploi-IDE-SMR-Neuro.pdf\" target=\"_blank\" rel=\"noopener\">Cliquez ici pour voir l&rsquo;offre<\/a><\/span>. Offre publi\u00e9e le 04\/11\/2025<\/p>\n<p style=\"text-align: left;\"><strong>Ergoth\u00e9rapeute. <\/strong><a href=\"https:\/\/hopital-novo.fr\/ghi-vexin\/wp-content\/uploads\/2024\/09\/Offre-emploi-Ergotherapeute-site-Aincourt.pdf\" target=\"_blank\" rel=\"noopener\">Cliquez ici pour voir l&rsquo;offre.<\/a>Offre publi\u00e9e le 20\/10\/2025<\/p>\n<p style=\"text-align: left;\"><strong>2 Infirmier(e)s EHPAD &#8211; Magny.<\/strong> <a href=\"https:\/\/hopital-novo.fr\/ghi-vexin\/wp-content\/uploads\/2025\/09\/Offre-emploi-IDE-EHPAD-Magny.pdf\" target=\"_blank\" rel=\"noopener\">Cliquez ici pour voir l&rsquo;offre<\/a>. Offre publi\u00e9e le 26\/09\/2025<\/p>\n<p><strong>Infirmier(e) mobile d&rsquo;hygi\u00e8ne en EHPAD.<\/strong> <a href=\"https:\/\/hopital-novo.fr\/ghi-vexin\/wp-content\/uploads\/2025\/08\/Offre-emploi-Infirmiere-mobile-hygiene-EPRI.pdf\" target=\"_blank\" rel=\"noopener\">Cliquez ici pour voir l&rsquo;offre.<\/a> Offre publi\u00e9e le 19\/08\/2025<\/p>\n<p><strong>Aides-soignant(e)s pour le SSIAD.<\/strong> <a href=\"https:\/\/hopital-novo.fr\/ghi-vexin\/wp-content\/uploads\/2025\/02\/Offre-emploi-aide-soignante-SSIAD.pdf\" target=\"_blank\" rel=\"noopener\">Cliquez ici pour voir l&rsquo;offre.<\/a> Offre publi\u00e9e le 6\/02\/2025<\/p>\n<p><strong>Masseur-Kin\u00e9sith\u00e9rapeute.<\/strong> <a href=\"https:\/\/hopital-novo.fr\/ghi-vexin\/wp-content\/uploads\/2025\/01\/Offre-emploi-Masseur-Kinesitherapeute-Site-Aincourt.pdf\" target=\"_blank\" rel=\"noopener\">Cliquez ici pour voir l&rsquo;offre.<\/a> Offre publi\u00e9e le 16\/01\/2025<\/p>\n<p><strong>Orthophonistes.<\/strong> <a href=\"https:\/\/hopital-novo.fr\/ghi-vexin\/wp-content\/uploads\/2025\/01\/Offre-emploi-Orthophoniste-Site-Aincourt.pdf\" target=\"_blank\" rel=\"noopener\">Cliquez ici pour voir l&rsquo;offre.<\/a> Offre publi\u00e9e le 16\/01\/2025<\/p>\n<\/div><\/div>\n<div class=\"su-accordion su-u-trim\"><\/div>\n<div class=\"su-spoiler su-spoiler-style-fancy su-spoiler-icon-plus su-spoiler-closed\" data-scroll-offset=\"0\" data-anchor-in-url=\"no\"><div class=\"su-spoiler-title\" tabindex=\"0\" role=\"button\"><span class=\"su-spoiler-icon\"><\/span>Offres d'emploi - Autres secteurs<\/div><div class=\"su-spoiler-content su-u-clearfix su-u-trim\">\n<p><strong>Assistant(e) pour le service des relations avec les usagers<\/strong>. <a href=\"https:\/\/hopital-novo.fr\/ghi-vexin\/wp-content\/uploads\/2026\/04\/Offre-emploi-Assistant-RU-2026.pdf\" target=\"_blank\" rel=\"noopener\">Cliquez ici pour voir l&rsquo;offre<\/a>. Offre publi\u00e9e le 09\/04\/2026<\/p>\n<p><strong>R\u00e9f\u00e9rent qualit\u00e9.<\/strong> <a href=\"https:\/\/hopital-novo.fr\/ghi-vexin\/wp-content\/uploads\/2026\/02\/Offre-emploi-Referent-qualite-NOVO-2026.pdf\" target=\"_blank\" rel=\"noopener\">Cliquez ici pour voir l&rsquo;offre. <\/a>Offre publi\u00e9e le 04\/02\/2026<\/p>\n<p><strong>Ing\u00e9nieur(e) Responsable du D\u00e9partement Conduite d\u2019op\u00e9rations de travaux.<\/strong> <a href=\"https:\/\/hopital-novo.fr\/ghi-vexin\/wp-content\/uploads\/2025\/05\/Offre-emploi-Ingenieure-Responsable-du-Departement-Conduite-doperations-de-travaux.pdf\" target=\"_blank\" rel=\"noopener\">Cliquez ici pour voir l&rsquo;offre.<\/a> Offre publi\u00e9e le 8\/12\/2025<\/p>\n<p><strong>Responsable des Affaires M\u00e9dicales.<\/strong> <a href=\"https:\/\/hopital-novo.fr\/ghi-vexin\/wp-content\/uploads\/2025\/04\/Offre-emploi-Responsable-des-Affaires-Medicales.pdf\" target=\"_blank\" rel=\"noopener\">Cliquez ici pour voir l&rsquo;offre. <\/a>Offre publi\u00e9e le 8\/12\/2025<\/p>\n<\/div><\/div>\n<p>&nbsp;<\/p>\n<p>&nbsp;<\/p>\n","protected":false},"excerpt":{"rendered":"<p>L&rsquo;H\u00f4pital NOVO recherche Retrouver les diff\u00e9rents postes \u00e0 pourvoir au sein de nos trois sites : Magny-en-Vexin, Marines et Aincourt. &nbsp; &nbsp;<\/p>\n","protected":false},"author":1,"featured_media":0,"parent":586,"menu_order":0,"comment_status":"closed","ping_status":"closed","template":"","meta":{"_acf_changed":false,"footnotes":"","_links_to":"","_links_to_target":""},"class_list":["post-282","page","type-page","status-publish","hentry"],"acf":[],"_links":{"self":[{"href":"https:\/\/hopital-novo.fr\/ghi-vexin\/wp-json\/wp\/v2\/pages\/282","targetHints":{"allow":["GET"]}}],"collection":[{"href":"https:\/\/hopital-novo.fr\/ghi-vexin\/wp-json\/wp\/v2\/pages"}],"about":[{"href":"https:\/\/hopital-novo.fr\/ghi-vexin\/wp-json\/wp\/v2\/types\/page"}],"author":[{"embeddable":true,"href":"https:\/\/hopital-novo.fr\/ghi-vexin\/wp-json\/wp\/v2\/users\/1"}],"replies":[{"embeddable":true,"href":"https:\/\/hopital-novo.fr\/ghi-vexin\/wp-json\/wp\/v2\/comments?post=282"}],"version-history":[{"count":197,"href":"https:\/\/hopital-novo.fr\/ghi-vexin\/wp-json\/wp\/v2\/pages\/282\/revisions"}],"predecessor-version":[{"id":2345,"href":"https:\/\/hopital-novo.fr\/ghi-vexin\/wp-json\/wp\/v2\/pages\/282\/revisions\/2345"}],"up":[{"embeddable":true,"href":"https:\/\/hopital-novo.fr\/ghi-vexin\/wp-json\/wp\/v2\/pages\/586"}],"wp:attachment":[{"href":"https:\/\/hopital-novo.fr\/ghi-vexin\/wp-json\/wp\/v2\/media?parent=282"}],"curies":[{"name":"wp","href":"https:\/\/api.w.org\/{rel}","templated":true}]}}