{"id":276,"date":"2019-04-24T10:10:41","date_gmt":"2019-04-24T08:10:41","guid":{"rendered":"https:\/\/www.ght-novo.fr\/ghi-vexin\/\/?page_id=276"},"modified":"2024-10-09T14:11:18","modified_gmt":"2024-10-09T12:11:18","slug":"contacts","status":"publish","type":"page","link":"https:\/\/hopital-novo.fr\/ghi-vexin\/presentation\/contacts\/","title":{"rendered":"Contacts"},"content":{"rendered":"<h4>Si\u00e8ge social :<\/h4>\n<p><i>\u00a06 Avenue de l&rsquo;\u00cele de France &#8211; CS 90079 Pontoise &#8211; 95303 CERGY PONTOISE<\/i><\/p>\n<p>Accueil t\u00e9l\u00e9phonique : 01 34 79 44 44<br \/>\n<i><br \/>\n<\/i>Secr\u00e9tariat de la Direction :<\/p>\n<p>T\u00e9l 01 30 75 41 00\u00a0 <a href=\"mailto:direction@ght-novo.fr\">Email<\/a><\/p>\n<h4>Contacts presse :<\/h4>\n<p>Patricia DARDAINE, directrice de la communication<br \/>\nT\u00e9l 01 30 75 50 42 \u00a0\u00a0\u00a0<a href=\"mailto:patricia.dardaine@ght-novo.fr\">Email<\/a><\/p>\n<h4>Relations avec les usagers :<\/h4>\n<p>Charl\u00e8ne LABBE, Charg\u00e9e des relations avec les usagers<br \/>\nT\u00e9l 01 30 75 47 43<\/p>\n<h4>Services animation :<\/h4>\n<p>MAS les Floralies :<br \/>\nT\u00e9l 01 34 79 44 44 \u00a0poste 56 01 \u00a0\u00a0<a href=\"mailto:educateur-animateur.floralies@ght-novo.fr\">Email<\/a><\/p>\n<p>Site de Magny-en-Vexin :<br \/>\nT\u00e9l 01 34 30 52 56 \u00a0 <a href=\"mailto:animation@ght-novo.fr\">Email<\/a><\/p>\n<p>Site de Marines :<br \/>\nT\u00e9l 01 34 67 56 56\u00a0 <a href=\"mailto:animation.marines@ght-novo.fr\">Email<\/a><\/p>\n","protected":false},"excerpt":{"rendered":"<p>Si\u00e8ge social : \u00a06 Avenue de l&rsquo;\u00cele de France &#8211; CS 90079 Pontoise &#8211; 95303 CERGY PONTOISE Accueil t\u00e9l\u00e9phonique : 01 34 79 44 44 Secr\u00e9tariat de la Direction : T\u00e9l 01 30 75 41 00\u00a0 Email Contacts presse : Patricia DARDAINE, directrice de la communication T\u00e9l 01 30 75 50 42 \u00a0\u00a0\u00a0Email Relations avec [&hellip;]<\/p>\n","protected":false},"author":1,"featured_media":0,"parent":581,"menu_order":0,"comment_status":"closed","ping_status":"closed","template":"","meta":{"_acf_changed":false,"footnotes":"","_links_to":"","_links_to_target":""},"class_list":["post-276","page","type-page","status-publish","hentry"],"acf":[],"_links":{"self":[{"href":"https:\/\/hopital-novo.fr\/ghi-vexin\/wp-json\/wp\/v2\/pages\/276","targetHints":{"allow":["GET"]}}],"collection":[{"href":"https:\/\/hopital-novo.fr\/ghi-vexin\/wp-json\/wp\/v2\/pages"}],"about":[{"href":"https:\/\/hopital-novo.fr\/ghi-vexin\/wp-json\/wp\/v2\/types\/page"}],"author":[{"embeddable":true,"href":"https:\/\/hopital-novo.fr\/ghi-vexin\/wp-json\/wp\/v2\/users\/1"}],"replies":[{"embeddable":true,"href":"https:\/\/hopital-novo.fr\/ghi-vexin\/wp-json\/wp\/v2\/comments?post=276"}],"version-history":[{"count":5,"href":"https:\/\/hopital-novo.fr\/ghi-vexin\/wp-json\/wp\/v2\/pages\/276\/revisions"}],"predecessor-version":[{"id":2081,"href":"https:\/\/hopital-novo.fr\/ghi-vexin\/wp-json\/wp\/v2\/pages\/276\/revisions\/2081"}],"up":[{"embeddable":true,"href":"https:\/\/hopital-novo.fr\/ghi-vexin\/wp-json\/wp\/v2\/pages\/581"}],"wp:attachment":[{"href":"https:\/\/hopital-novo.fr\/ghi-vexin\/wp-json\/wp\/v2\/media?parent=276"}],"curies":[{"name":"wp","href":"https:\/\/api.w.org\/{rel}","templated":true}]}}