{"id":185,"date":"2019-04-23T11:54:53","date_gmt":"2019-04-23T09:54:53","guid":{"rendered":"https:\/\/www.ght-novo.fr\/ghi-vexin\/\/?page_id=185"},"modified":"2026-03-03T16:01:00","modified_gmt":"2026-03-03T15:01:00","slug":"mas-maison-de-lumiere","status":"publish","type":"page","link":"https:\/\/hopital-novo.fr\/ghi-vexin\/services-medicaux-sociaux\/mas-maison-de-lumiere\/","title":{"rendered":"MAS Maison de lumi\u00e8re"},"content":{"rendered":"<h2>Site de Magny-en-Vexin<\/h2>\n<p>La Maison d&rsquo;Accueil Sp\u00e9cialis\u00e9e (MAS) \u00ab Maison de Lumi\u00e8re \u00bb &#8211; 15 places (14 lits d\u2019h\u00e9bergement au long cours et 1 lit d&rsquo;accueil temporaire)<\/p>\n<h3>Notre \u00e9quipe<\/h3>\n<p><strong>Responsable de Service :<\/strong> Docteur Nicolas GRUAT<\/p>\n<p><strong>Cadre de Sant\u00e9 :<\/strong> Sarah BOUTRY\u00a0 T\u00e9l : 01 34 30 52 72 &#8211; <a href=\"mailto:sarah.boutry@ght-novo.fr\">Email<\/a><\/p>\n<p><strong>\u00c9quipe soignante :<\/strong> Infirmi\u00e8r(e)s, aides-soignant(e)s, aide m\u00e9dicopsychologique, agents des services hospitaliers, masseur-kin\u00e9sith\u00e9rapeute, monitrice \u00e9ducatrice. T\u00e9l : 01 34 30 52 69 &#8211; <a href=\"mailto:maison-lumiere@ght-novo.fr\">Email<\/a><\/p>\n<p><strong>Psychologue :\u00a0<\/strong>Laura ETRILLARD T\u00e9l : 01 34 30 52 70<\/p>\n<h2>Les locaux<\/h2>\n<p>Situ\u00e9e \u00e0 60 kilom\u00e8tres de Paris, en plein centre ville de Magny-en-Vexin, la \u00ab\u00a0Maison de Lumi\u00e8re\u00a0\u00bb dispose de 15 places. La maison se distribue sur trois \u00e9tages et s\u2019ouvre sur un jardin int\u00e9rieur. Con\u00e7ue au plus proche du domicile, elle pr\u00e9sente les caract\u00e9ristiques de convivialit\u00e9, de confort\u00a0mais aussi de fonctionnalit\u00e9. Elle dispose d&rsquo;une salle \u00e0 manger, de deux salons et de chambres individuelles \u00e9quip\u00e9es de sanitaires aux \u00e9tages sup\u00e9rieurs.<\/p>\n<h2>Nos comp\u00e9tences<\/h2>\n<p>La MAS \u00ab\u00a0Maison de Lumi\u00e8re\u00a0\u00bb accueille, depuis 2001, des personnes pr\u00e9sentant un handicap cons\u00e9cutif \u00e0 une pathologie neurologique induite par une infection virale et dont le maintien \u00e0 domicile devient difficile. Le service dispose de 15 places dont une destin\u00e9e \u00e0 des s\u00e9jours temporaires (d&rsquo;une dur\u00e9e maximale de trois mois sur l&rsquo;ann\u00e9e). Conciliant un lieu de soins dans un lieu de vie, la structure propose aux r\u00e9sidents accueillis des soins adapt\u00e9s \u00e0 leur maladie et leur handicap et de multiples activit\u00e9s. Les r\u00e9sidents peuvent participer \u00e0 diff\u00e9rents ateliers (cuisine, peinture, travaux manuels, massage, jardinage, musique&#8230;) ou des sorties (sportives, loisirs, th\u00e9\u00e2tre, cin\u00e9ma&#8230;)<\/p>\n<h2>Les professionnels du service<\/h2>\n<p>Une \u00e9quipe m\u00e9dicopsychosociale accompagne les r\u00e9sidents au quotidien, leur apportant une aide \u00e0 l\u2019autonomie et leur permettant de retrouver une place de sujet et de citoyen. Ceci est r\u00e9alis\u00e9 dans le respect de la dignit\u00e9 et de l&rsquo;intimit\u00e9. Ces diff\u00e9rents aspects ont \u00e9t\u00e9 \u00e9labor\u00e9s dans un projet de vie. De m\u00eame, la \u00ab\u00a0Maison de Lumi\u00e8re\u00a0\u00bb dispose d&rsquo;un Conseil de la Vie Sociale (CVS). L\u2019\u00e9quipe est constitu\u00e9e\u00a0d\u2019un m\u00e9decin, d\u2019un cadre de sant\u00e9, d\u2019infirmier(e)s, d\u2019aides-soignant(e)s, d\u2019une aide m\u00e9dicopsychologique, d\u2019agents des services hospitaliers, d\u2019un psychologue, d\u2019un masseur-kin\u00e9sith\u00e9rapeute, de professeurs d\u2019activit\u00e9 physique, d\u2019une assistante sociale, d\u2019un animateur, d\u2019une ergoth\u00e9rapeute, d\u2019une di\u00e9t\u00e9ticienne et de b\u00e9n\u00e9voles.<\/p>\n<h2>Les modalit\u00e9s d&rsquo;admission<\/h2>\n<p>Les d\u00e9marches peuvent \u00eatre effectu\u00e9es par le m\u00e9decin, l&rsquo;\u00e9quipe sociale, le tuteur, les aidants entourant le futur r\u00e9sident. Elles comprennent :<\/p>\n<ul>\n<li>la notification d\u2019une orientation en MAS accord\u00e9e par la Maison D\u00e9partementale de la Personne Handicap\u00e9e (MDPH),<\/li>\n<li>la d\u00e9termination d\u2019un taux d\u2019invalidit\u00e9 sup\u00e9rieur \u00e0 80% par ce m\u00eame organisme,<\/li>\n<li>un dossier et une visite de pr\u00e9admission.<\/li>\n<\/ul>\n<p>La Caisse Primaire d&rsquo;Assurance Maladie (CPAM) prend en charge la globalit\u00e9 des frais de s\u00e9jour. En l&rsquo;absence de mutuelle, seul le montant du forfait journalier reste \u00e0 la charge du r\u00e9sident.<\/p>\n<p><a href=\"https:\/\/hopital-novo.fr\/ghi-vexin\/wp-content\/uploads\/2026\/03\/D10051-Livret-Accueil-MAS-HD.pdf\" target=\"_blank\" rel=\"noopener\">T\u00e9l\u00e9charger le livret d\u2019accueil des Maisons d\u2019Accueil Sp\u00e9cialis\u00e9 (MAS)<\/a><\/p>\n<p>&nbsp;<\/p>\n","protected":false},"excerpt":{"rendered":"<p>Site de Magny-en-Vexin La Maison d&rsquo;Accueil Sp\u00e9cialis\u00e9e (MAS) \u00ab Maison de Lumi\u00e8re \u00bb &#8211; 15 places (14 lits d\u2019h\u00e9bergement au long cours et 1 lit d&rsquo;accueil temporaire) Notre \u00e9quipe Responsable de Service : Docteur Nicolas GRUAT Cadre de Sant\u00e9 : Sarah BOUTRY\u00a0 T\u00e9l : 01 34 30 52 72 &#8211; Email \u00c9quipe soignante : Infirmi\u00e8r(e)s, [&hellip;]<\/p>\n","protected":false},"author":1,"featured_media":0,"parent":583,"menu_order":0,"comment_status":"closed","ping_status":"closed","template":"","meta":{"_acf_changed":false,"footnotes":"","_links_to":"","_links_to_target":""},"class_list":["post-185","page","type-page","status-publish","hentry"],"acf":[],"_links":{"self":[{"href":"https:\/\/hopital-novo.fr\/ghi-vexin\/wp-json\/wp\/v2\/pages\/185","targetHints":{"allow":["GET"]}}],"collection":[{"href":"https:\/\/hopital-novo.fr\/ghi-vexin\/wp-json\/wp\/v2\/pages"}],"about":[{"href":"https:\/\/hopital-novo.fr\/ghi-vexin\/wp-json\/wp\/v2\/types\/page"}],"author":[{"embeddable":true,"href":"https:\/\/hopital-novo.fr\/ghi-vexin\/wp-json\/wp\/v2\/users\/1"}],"replies":[{"embeddable":true,"href":"https:\/\/hopital-novo.fr\/ghi-vexin\/wp-json\/wp\/v2\/comments?post=185"}],"version-history":[{"count":10,"href":"https:\/\/hopital-novo.fr\/ghi-vexin\/wp-json\/wp\/v2\/pages\/185\/revisions"}],"predecessor-version":[{"id":2315,"href":"https:\/\/hopital-novo.fr\/ghi-vexin\/wp-json\/wp\/v2\/pages\/185\/revisions\/2315"}],"up":[{"embeddable":true,"href":"https:\/\/hopital-novo.fr\/ghi-vexin\/wp-json\/wp\/v2\/pages\/583"}],"wp:attachment":[{"href":"https:\/\/hopital-novo.fr\/ghi-vexin\/wp-json\/wp\/v2\/media?parent=185"}],"curies":[{"name":"wp","href":"https:\/\/api.w.org\/{rel}","templated":true}]}}