{"id":180,"date":"2019-04-23T11:48:39","date_gmt":"2019-04-23T09:48:39","guid":{"rendered":"https:\/\/www.ght-novo.fr\/ghi-vexin\/\/?page_id=180"},"modified":"2026-03-27T14:12:59","modified_gmt":"2026-03-27T13:12:59","slug":"ehpad-marines","status":"publish","type":"page","link":"https:\/\/hopital-novo.fr\/ghi-vexin\/services-medicaux-sociaux\/ehpad-marines\/","title":{"rendered":"EHPAD Marines"},"content":{"rendered":"<h2><b>Site de Marines<\/b><\/h2>\n<p>L&rsquo;\u00c9tablissement d&rsquo;H\u00e9bergement pour Personnes \u00c2g\u00e9es D\u00e9pendantes (EHPAD) du site de Marines &#8211; 75 lits (dont 16 en Unit\u00e9 d&rsquo;H\u00e9bergement Renforc\u00e9 m\u00e9dico-sociale Alo\u00efs)<\/p>\n<p>Une \u00e9quipe pluridisciplinaire au service des r\u00e9sidents<\/p>\n<p><strong>Chef de service :<br \/>\n<\/strong>Docteur Mahaman MOUSSA<\/p>\n<p><strong>Cadre de sant\u00e9 EHPAD\/UHR :<br \/>\n<\/strong>Agn\u00e8s NOVE<br \/>\nT\u00e9l\u00e9phone : 01 34 67 55 16<\/p>\n<p><strong>Secr\u00e9tariat m\u00e9dical :<\/strong><br \/>\n01 34 67 56 46<br \/>\n<a href=\"mailto:secretariat.medical@ght-novo.fr\">Email<\/a><\/p>\n<h4>Participent \u00e0 votre prise en charge dans notre \u00e9tablissement :<\/h4>\n<p>Une \u00e9quipe m\u00e9dicale salari\u00e9e de l\u2019\u00e9tablissement : des praticiens hospitaliers g\u00e9riatres et un pharmacien.<br \/>\nUne \u00e9quipe param\u00e9dicale et m\u00e9dico-technique de r\u00e9\u00e9ducation. Chaque service est sous la responsabilit\u00e9 d\u2019un m\u00e9decin et d\u2019un cadre de sant\u00e9 aupr\u00e8s desquels vous pouvez adresser vos observations et suggestions et solliciter un rendez-vous.<br \/>\nL\u2019administration par le biais du bureau de la client\u00e8le, les services logistiques et techniques, la restauration, la blanchisserie, l&rsquo;animation, afin de r\u00e9pondre aux besoins personnels ou collectifs.<br \/>\nDes intervenants ext\u00e9rieurs : p\u00e9dicure, ambulanciers, ministres des diff\u00e9rents cultes, des malades, des b\u00e9n\u00e9voles\u2026<\/p>\n<p>L&rsquo;EHPAD accueille des personnes, seules ou en couple, de plus de 60 ans (sauf d\u00e9rogation) sans condition de ressources. Si vous le souhaitez, nous nous tenons \u00e0 votre disposition ou \u00e0 celle de votre famille pour une visite de l\u2019\u00e9tablissement pr\u00e9alable \u00e0 votre d\u00e9cision.<\/p>\n<p>Les b\u00e2timents neufs ou r\u00e9nov\u00e9s comportent des chambres individuelles et doubles, \u00e9quip\u00e9es d\u2019une salle de bains, ainsi qu\u2019un service de restauration interne ; une \u00e9quipe h\u00f4teli\u00e8re anime des salles \u00e0 manger adapt\u00e9es.<br \/>\nC\u00f4t\u00e9 d\u00e9tente, une salle d\u2019animation, des salons, un atelier d\u2019ergoth\u00e9rapie et un salon de coiffure permettent un accueil de qualit\u00e9.<br \/>\nL\u2019\u00e9tablissement participe r\u00e9guli\u00e8rement \u00e0 la vie locale et organise lui-m\u00eame de nombreuses animations.<br \/>\nL\u2019esprit qui guide cet \u00e9tablissement depuis ses d\u00e9buts demeure : accueillir, soigner, aider, faire rimer solidarit\u00e9 avec dignit\u00e9.<\/p>\n<p><a href=\"https:\/\/hopital-novo.fr\/ghi-vexin\/wp-content\/uploads\/2026\/03\/D10041-Livret-Accueil-EHPAD-USLD.pdf\" target=\"_blank\" rel=\"noopener\">T\u00e9l\u00e9charger le livret d\u2019accueil des EHPAD et USLD<\/a><\/p>\n<p><a href=\"https:\/\/www.service-public.gouv.fr\/particuliers\/vosdroits\/R17461\" target=\"_blank\" rel=\"noopener\">T\u00e9l\u00e9charger le dossier de demande d&rsquo;admission en EHPAD<\/a><\/p>\n<h3>L&rsquo;unit\u00e9 d&rsquo;H\u00e9bergement Renforc\u00e9 (UHR)<\/h3>\n<p>Cette unit\u00e9 de 16 places est sp\u00e9cialement d\u00e9di\u00e9e \u00e0 l\u2019accueil sur une p\u00e9riode de plusieurs mois de r\u00e9sidents de l\u2019EHPAD souffrant de la maladie d\u2019Alzheimer ou de troubles apparent\u00e9s.<br \/>\nL\u2019admission dans cette unit\u00e9 s\u2019effectue selon les crit\u00e8res suivants :<br \/>\nr\u00e9alisation d\u2019une \u00e9valuation des troubles du comportement ; pose et annonce du diagnostic au r\u00e9sident et recherche de son consentement ;<br \/>\nvalidation de l\u2019entr\u00e9e et de la sortie de l\u2019UHR (validation par le m\u00e9decin coordinateur ou par le m\u00e9decin de l\u2019USLD).<br \/>\nCet espace s\u00e9curis\u00e9 dispose d\u2019une architecture \u00e0 la fois apaisante et stimulante, con\u00e7ue pour recevoir des personnes d\u00e9sorient\u00e9es.<\/p>\n<p><a href=\"https:\/\/hopital-novo.fr\/ghi-vexin\/wp-content\/uploads\/2026\/03\/D9834-Livret-A5-UHR-HD.pdf\" target=\"_blank\" rel=\"noopener\">T\u00e9l\u00e9charger le livret de pr\u00e9sentation de l\u2019Unit\u00e9 d\u2019H\u00e9bergement Renforc\u00e9 (UHR) m\u00e9dico-sociale ALO\u00cfS<\/a><\/p>\n<p>&nbsp;<\/p>\n<h3>Le P\u00f4le d&rsquo;Activit\u00e9s et de Soins Adapt\u00e9s (PASA)<\/h3>\n<p>Ce PASA a pour vocation d\u2019accueillir des r\u00e9sidents de l\u2019EHPAD dans le cadre de la personnalisation de leur projet de vie et en fonction de leurs besoins et attentes. Il propose des ateliers th\u00e9rapeutiques en vue de stimuler et de maintenir les capacit\u00e9s de chacun. L\u2019accueil en PASA est r\u00e9alis\u00e9 pour une dur\u00e9e d\u00e9termin\u00e9e, qui pourra \u00eatre r\u00e9\u00e9valu\u00e9e, en fonction de vos besoins.<br \/>\nL\u2019opportunit\u00e9 en est d\u00e9cid\u00e9e par l\u2019\u00e9quipe m\u00e9dicale.<\/p>\n<p><a href=\"https:\/\/hopital-novo.fr\/ghi-vexin\/wp-content\/uploads\/2026\/03\/D9832-Livret-A5-PASA-HD.pdf\" target=\"_blank\" rel=\"noopener\">T\u00e9l\u00e9charger le livret de pr\u00e9sentation du P\u00f4le d\u2019Activit\u00e9s et de Soins Adapt\u00e9s (PASA)<\/a><\/p>\n","protected":false},"excerpt":{"rendered":"<p>Site de Marines L&rsquo;\u00c9tablissement d&rsquo;H\u00e9bergement pour Personnes \u00c2g\u00e9es D\u00e9pendantes (EHPAD) du site de Marines &#8211; 75 lits (dont 16 en Unit\u00e9 d&rsquo;H\u00e9bergement Renforc\u00e9 m\u00e9dico-sociale Alo\u00efs) Une \u00e9quipe pluridisciplinaire au service des r\u00e9sidents Chef de service : Docteur Mahaman MOUSSA Cadre de sant\u00e9 EHPAD\/UHR : Agn\u00e8s NOVE T\u00e9l\u00e9phone : 01 34 67 55 16 Secr\u00e9tariat m\u00e9dical [&hellip;]<\/p>\n","protected":false},"author":1,"featured_media":0,"parent":583,"menu_order":0,"comment_status":"closed","ping_status":"closed","template":"","meta":{"_acf_changed":false,"footnotes":"","_links_to":"","_links_to_target":""},"class_list":["post-180","page","type-page","status-publish","hentry"],"acf":[],"_links":{"self":[{"href":"https:\/\/hopital-novo.fr\/ghi-vexin\/wp-json\/wp\/v2\/pages\/180","targetHints":{"allow":["GET"]}}],"collection":[{"href":"https:\/\/hopital-novo.fr\/ghi-vexin\/wp-json\/wp\/v2\/pages"}],"about":[{"href":"https:\/\/hopital-novo.fr\/ghi-vexin\/wp-json\/wp\/v2\/types\/page"}],"author":[{"embeddable":true,"href":"https:\/\/hopital-novo.fr\/ghi-vexin\/wp-json\/wp\/v2\/users\/1"}],"replies":[{"embeddable":true,"href":"https:\/\/hopital-novo.fr\/ghi-vexin\/wp-json\/wp\/v2\/comments?post=180"}],"version-history":[{"count":14,"href":"https:\/\/hopital-novo.fr\/ghi-vexin\/wp-json\/wp\/v2\/pages\/180\/revisions"}],"predecessor-version":[{"id":2324,"href":"https:\/\/hopital-novo.fr\/ghi-vexin\/wp-json\/wp\/v2\/pages\/180\/revisions\/2324"}],"up":[{"embeddable":true,"href":"https:\/\/hopital-novo.fr\/ghi-vexin\/wp-json\/wp\/v2\/pages\/583"}],"wp:attachment":[{"href":"https:\/\/hopital-novo.fr\/ghi-vexin\/wp-json\/wp\/v2\/media?parent=180"}],"curies":[{"name":"wp","href":"https:\/\/api.w.org\/{rel}","templated":true}]}}