{"id":162,"date":"2019-04-16T12:41:29","date_gmt":"2019-04-16T10:41:29","guid":{"rendered":"https:\/\/www.ght-novo.fr\/ghi-vexin\/\/?page_id=162"},"modified":"2026-03-03T15:54:30","modified_gmt":"2026-03-03T14:54:30","slug":"unite-de-soins-de-longue-duree","status":"publish","type":"page","link":"https:\/\/hopital-novo.fr\/ghi-vexin\/services-de-soins\/unite-de-soins-de-longue-duree\/","title":{"rendered":"Unit\u00e9 de Soins de Longue Dur\u00e9e"},"content":{"rendered":"<p>L&rsquo;Unit\u00e9 de Soins de Longue Dur\u00e9e (USLD)\u00a0du site de Marines &#8211;\u00a060 lits<\/p>\n<p>Une \u00e9quipe pluridisciplinaire\u00a0au service des patients<\/p>\n<p><strong>Chef de service :<\/strong><br \/>\nDocteur Mahaman MOUSSA<\/p>\n<p><strong>Secr\u00e9tariat m\u00e9dical :<\/strong><br \/>\n01 34 67 56 46<br \/>\n<a href=\"mailto:secretariat.medical@ght-novo.fr\">Email<\/a><\/p>\n<h2>Notre \u00e9quipe<\/h2>\n<p style=\"text-align: left;\">Une \u00e9quipe m\u00e9dicale salari\u00e9e de l\u2019\u00e9tablissement : des praticiens hospitaliers g\u00e9riatres et un pharmacien.<br \/>\nUne \u00e9quipe param\u00e9dicale et m\u00e9dico-technique de r\u00e9\u00e9ducation. Chaque service est sous la responsabilit\u00e9 d\u2019un m\u00e9decin et d\u2019un cadre de sant\u00e9 aupr\u00e8s desquels vous pouvez adresser vos observations et suggestions et solliciter un rendez-vous.<\/p>\n<p style=\"text-align: left;\">L\u2019administration par le biais du bureau de la client\u00e8le, les services logistiques et techniques, la restauration, la blanchisserie, l&rsquo;animation, afin de r\u00e9pondre aux besoins personnels ou collectifs.<br \/>\nDes intervenants ext\u00e9rieurs : p\u00e9dicure, ambulanciers, ministres des diff\u00e9rents cultes, des malades, des b\u00e9n\u00e9voles\u2026<\/p>\n<p style=\"text-align: left;\">L\u2019unit\u00e9 de soins longue dur\u00e9e est une unit\u00e9 sanitaire d\u00e9di\u00e9e \u00e0 des personnes pr\u00e9sentant des pathologies n\u00e9cessitant une prise en charge m\u00e9dicale importante.<\/p>\n<p style=\"text-align: left;\">A cet \u00e9gard, l\u2019\u00e9tablissement assure une pr\u00e9sence infirmi\u00e8re ainsi qu\u2019une astreinte m\u00e9dicale 24h\/24h.<\/p>\n<p style=\"text-align: left;\">Les b\u00e2timents neufs ou r\u00e9nov\u00e9s comportent des chambres individuelles et doubles, \u00e9quip\u00e9es d\u2019une salle de bains, ainsi qu\u2019un service de restauration interne ; une \u00e9quipe h\u00f4teli\u00e8re anime des salles \u00e0 manger adapt\u00e9es.<\/p>\n<p style=\"text-align: left;\">C\u00f4t\u00e9 d\u00e9tente, une salle d\u2019animation, des salons, un atelier d\u2019ergoth\u00e9rapie et un salon de coiffure permettent un accueil de qualit\u00e9.<\/p>\n<p style=\"text-align: left;\">L\u2019\u00e9tablissement participe r\u00e9guli\u00e8rement \u00e0 la vie locale et organise lui-m\u00eame de nombreuses animations.<\/p>\n<p style=\"text-align: left;\">L\u2019esprit qui guide cet \u00e9tablissement depuis ses d\u00e9buts demeure : accueillir, soigner, aider, faire rimer\u00a0<i>solidarit\u00e9\u00a0<\/i>avec\u00a0<i>dignit\u00e9<\/i>.<\/p>\n<p style=\"text-align: left;\">L\u2019\u00e9tablissement propose un accompagnement th\u00e9rapeutique adapt\u00e9 \u00e0 chacun.<br \/>\nCet accompagnement se concr\u00e9tise par l\u2019\u00e9laboration d\u2019un projet individualis\u00e9 qui vise \u00e0 r\u00e9pondre aux besoins du patient et \u00e0 maintenir le plus haut niveau d\u2019autonomie possible.<\/p>\n<p style=\"text-align: left;\">Des ateliers \u00e0 vocation th\u00e9rapeutique sont anim\u00e9s dans le but de stimuler et de maintenir les capacit\u00e9s du patient accueilli.<\/p>\n<h2>Maintien et r\u00e9habilitations des fonctions cognitives :<\/h2>\n<p>Ateliers m\u00e9moire individuels et collectifs (chants, lecture, jeux anciens).<br \/>\nAtelier d\u2019orientation temporospatiale.<i><br \/>\n<\/i>Il est anim\u00e9 par un psychologue avec une comp\u00e9tence en neuropsychologie pour un travail<br \/>\nsur la logique, le raisonnement, l\u2019orientation temporospatiale et les diff\u00e9rents types de mn\u00e9monie<br \/>\n(verbale, visuelle, auditive\u2026).<\/p>\n<h2>Maintien des fonctions sensorielles :<\/h2>\n<ul>\n<li>Atelier musical<\/li>\n<li>Adaptation et conservation d\u2019un rythme<\/li>\n<li>Impulsivit\u00e9 ou inhibition<\/li>\n<li>M\u00e9moire auditive et gnosie\/praxie<\/li>\n<li>Organisation perceptivo-motrice<\/li>\n<li>Ateliers massages, relaxation et esth\u00e9tiques (individuels et collectifs).<\/li>\n<\/ul>\n<p><a href=\"https:\/\/hopital-novo.fr\/ghi-vexin\/wp-content\/uploads\/2026\/03\/D10041-Livret-Accueil-EHPAD-USLD.pdf\" target=\"_blank\" rel=\"noopener\">T\u00e9l\u00e9charger le livret d\u2019accueil des EHPAD et USLD<\/a><\/p>\n","protected":false},"excerpt":{"rendered":"<p>L&rsquo;Unit\u00e9 de Soins de Longue Dur\u00e9e (USLD)\u00a0du site de Marines &#8211;\u00a060 lits Une \u00e9quipe pluridisciplinaire\u00a0au service des patients Chef de service : Docteur Mahaman MOUSSA Secr\u00e9tariat m\u00e9dical : 01 34 67 56 46 Email Notre \u00e9quipe Une \u00e9quipe m\u00e9dicale salari\u00e9e de l\u2019\u00e9tablissement : des praticiens hospitaliers g\u00e9riatres et un pharmacien. Une \u00e9quipe param\u00e9dicale et m\u00e9dico-technique [&hellip;]<\/p>\n","protected":false},"author":1,"featured_media":0,"parent":582,"menu_order":0,"comment_status":"closed","ping_status":"closed","template":"","meta":{"_acf_changed":false,"footnotes":"","_links_to":"","_links_to_target":""},"class_list":["post-162","page","type-page","status-publish","hentry"],"acf":[],"_links":{"self":[{"href":"https:\/\/hopital-novo.fr\/ghi-vexin\/wp-json\/wp\/v2\/pages\/162","targetHints":{"allow":["GET"]}}],"collection":[{"href":"https:\/\/hopital-novo.fr\/ghi-vexin\/wp-json\/wp\/v2\/pages"}],"about":[{"href":"https:\/\/hopital-novo.fr\/ghi-vexin\/wp-json\/wp\/v2\/types\/page"}],"author":[{"embeddable":true,"href":"https:\/\/hopital-novo.fr\/ghi-vexin\/wp-json\/wp\/v2\/users\/1"}],"replies":[{"embeddable":true,"href":"https:\/\/hopital-novo.fr\/ghi-vexin\/wp-json\/wp\/v2\/comments?post=162"}],"version-history":[{"count":13,"href":"https:\/\/hopital-novo.fr\/ghi-vexin\/wp-json\/wp\/v2\/pages\/162\/revisions"}],"predecessor-version":[{"id":2312,"href":"https:\/\/hopital-novo.fr\/ghi-vexin\/wp-json\/wp\/v2\/pages\/162\/revisions\/2312"}],"up":[{"embeddable":true,"href":"https:\/\/hopital-novo.fr\/ghi-vexin\/wp-json\/wp\/v2\/pages\/582"}],"wp:attachment":[{"href":"https:\/\/hopital-novo.fr\/ghi-vexin\/wp-json\/wp\/v2\/media?parent=162"}],"curies":[{"name":"wp","href":"https:\/\/api.w.org\/{rel}","templated":true}]}}