{"id":159,"date":"2019-04-16T12:34:36","date_gmt":"2019-04-16T10:34:36","guid":{"rendered":"https:\/\/www.ght-novo.fr\/ghi-vexin\/\/?page_id=159"},"modified":"2025-04-23T12:29:12","modified_gmt":"2025-04-23T10:29:12","slug":"ssr-geriatrique","status":"publish","type":"page","link":"https:\/\/hopital-novo.fr\/ghi-vexin\/services-de-soins\/ssr-geriatrique\/","title":{"rendered":"SMR G\u00e9riatrique"},"content":{"rendered":"<p>Le service de Soins M\u00e9dicaux et de R\u00e9adaptation G\u00e9riatrique (SMRG)<br \/>\n30 lits d\u2019hospitalisation traditionnelle situ\u00e9s sur le site de Marines<\/p>\n<p><strong>Equipe m\u00e9dicale<\/strong><\/p>\n<ul>\n<li>Dr Renato MINICUCI, chef de service par int\u00e9rim<\/li>\n<\/ul>\n<p><strong>Cadre de sant\u00e9<\/strong><\/p>\n<ul>\n<li>Christine Talot<\/li>\n<\/ul>\n<p><strong>Secr\u00e9taire M\u00e9dicale<\/strong><\/p>\n<ul>\n<li>Catherine DELDICQUE<br \/>\nDu lundi au vendredi de 9h00 \u00e0 16h30.<br \/>\nT\u00e9l\u00e9phone : 01 34 67 56 41<br \/>\nT\u00e9l\u00e9copie : 01 34 67 56 44<br \/>\n<a href=\"mailto:ssrg@ght-novo.fr\">Email<\/a><\/li>\n<\/ul>\n<p><strong>Assistante sociale<\/strong><\/p>\n<ul>\n<li data-olk-copy-source=\"MessageBody\">Mme B\u00e9atrice KAZUBEK<br \/>\nbeatrice.kazubek@ght-novo.fr<br \/>\nT\u00e9l. : 01 34 67 55 14<\/li>\n<li>Secr\u00e9tariat social<br \/>\n01 34 67 55 02 &#8211; celine.guyard@ght-novo.fr<\/li>\n<\/ul>\n<p><strong>\u00c9quipe param\u00e9dicale et soignante\u00a0Infirmiers, Aides soignants<\/strong><\/p>\n<ul>\n<li>Di\u00e9t\u00e9ticiennes<\/li>\n<li>Ergoth\u00e9rapeutes<\/li>\n<li>Neuropsychologue<\/li>\n<li>Psychomotricien<\/li>\n<li>Masseur-kin\u00e9sith\u00e9rapeute<\/li>\n<\/ul>\n<h3><span class=\"Normal-7-C\">LES MISSIONS<\/span><\/h3>\n<p><span class=\"Normal-C1\">Les missions du SMR G\u00e9riatrique sont de pr\u00e9venir ou r\u00e9duire les cons\u00e9quences fonctionnelles, physiques, cognitives, psychologiques, sociales des d\u00e9ficiences et limitations de capacit\u00e9 et de promouvoir la r\u00e9adaptation du patient \u00e2g\u00e9 :<br \/>\n\u2022 soins \u00e9ducatifs, pr\u00e9ventifs, curatifs et palliatifs,<br \/>\n\u2022 la r\u00e9adaptation fonctionnelle, r\u00e9\u00e9ducation et restauration de l\u2019autonomie,<br \/>\n\u2022 diagnostic, \u00e9valuations (cognitive, chute, nutrition, escarre \u2026),<br \/>\n\u2022 pr\u00e9paration \u00e0 l\u2019accompagnement et \u00e0 la r\u00e9insertion familiale et sociale,<br \/>\n\u2022 orientation vers une structure m\u00e9dicosociale.<\/span><\/p>\n<h3><span class=\"Normal-C1\">LA PRISE EN CHARGE<\/span><\/h3>\n<p><span class=\"Normal-C1\">La prise en charge des patients est assur\u00e9e de fa\u00e7on continue par une \u00e9quipe pluridisciplinaire form\u00e9e sp\u00e9cifiquement \u00e0 la g\u00e9riatrie (voir liste ci-contre).<\/span><\/p>\n<h3><span class=\"Normal-C1\">L\u2019ADMISSION<\/span><\/h3>\n<p><span class=\"Normal-C4\">\u2022 <\/span><span class=\"Normal-C1\">\u00c0 partir des courts s\u00e9jours<br \/>\n\u2022 Possibilit\u00e9 d\u2019entr\u00e9e directe \u00e0 partir du domicile. Le m\u00e9decin traitant\/r\u00e9f\u00e9rent doit se mettre en contact avec le m\u00e9decin de l\u2019unit\u00e9.<br \/>\n\u2022 Un dossier d\u2019inscription est alors \u00e0 demander et \u00e0 retourner compl\u00e9t\u00e9 et \u00e9tay\u00e9 au SMR G\u00e9riatrique par le m\u00e9decin traitant\/r\u00e9f\u00e9rent.<br \/>\nLors de l\u2019admission d\u2019une personne, une \u00e9valuation g\u00e9rontologique est r\u00e9alis\u00e9e.<br \/>\nElle permet :<br \/>\n\u2022 d\u2019\u00e9tablir un bilan de sant\u00e9 et un bilan m\u00e9dico-social,<br \/>\n\u2022 d\u2019\u00e9valuer le degr\u00e9 d\u2019autonomie,<br \/>\n\u2022 de d\u00e9finir la prise en charge globale dont la personne \u00e2g\u00e9e \u00e0 besoin.<\/span><\/p>\n<h3><span class=\"Normal-C1\"><br \/>\n<\/span><span class=\"Normal-C3\">LE SERVICE<\/span><\/h3>\n<p><span class=\"Normal-C1\">Le service poss\u00e8de des locaux et \u00e9quipements adapt\u00e9s aux personnes \u00e2g\u00e9es pr\u00e9sentant une d\u00e9pendance physique ou psychologique.<br \/>\nL\u2019unit\u00e9 dispose de 26 chambres individuelles et deux doubles, \u00e9quip\u00e9es de salle de bain \/douche, de lits \u00e0 hauteur r\u00e9glable, de fluides m\u00e9dicaux en prises murales et d\u2019un t\u00e9l\u00e9viseur individuel.<br \/>\nLes locaux de r\u00e9\u00e9ducation disposent de mat\u00e9riels adapt\u00e9s (table de verticalisation, barres parall\u00e8les, syst\u00e8me de poulieth\u00e9rapie).<br \/>\nLes espaces de circulation sont \u00e9quip\u00e9s de main courante.<br \/>\nUne salle \u00e0 manger commune permet la prise de repas.<\/span><\/p>\n<h3><span class=\"Normal-C1\">LA DUR\u00c9E DE S\u00c9JOUR<\/span><\/h3>\n<p><span class=\"Normal-C1\">Elle est adapt\u00e9e \u00e0 chaque patient.<\/span><\/p>\n<h3><span class=\"Normal-C1\"><br \/>\n<\/span><span class=\"Normal-C3\">HEURES DE VISITE<\/span><\/h3>\n<p><span class=\"Normal-C1\">De 14h30 \u00e0 20h00.<\/span><\/p>\n<p><span class=\"Normal-C3\">LA PRISE EN CHARGE FINANCI\u00c8RE<br \/>\n<\/span><span class=\"Normal-C4\">T<\/span><span class=\"Normal-C1\">out assur\u00e9 social peut \u00eatre admis dans cette structure.<br \/>\nLe tarif journalier g\u00e9n\u00e9ral pris en charge par la S\u00e9curit\u00e9 Sociale est de 520 \u20ac en 2012.<br \/>\nIl existe un forfait journalier de 18 \u20ac pris en charge par les mutuelles.<br \/>\nSi vous n\u2019\u00eates pas \u00e0 100% (ALD), vous devez v\u00e9rifier aupr\u00e8s de votre mutuelle si les transports sont bien pris en charge.<\/span><\/p>\n<p><a href=\"https:\/\/hopital-novo.fr\/ghi-vexin\/wp-content\/uploads\/2025\/01\/D9835-Livret-A5-SMRG-Marines-HD-1.pdf\" target=\"_blank\" rel=\"noopener\">Plaquette de pr\u00e9sentation du service<\/a><\/p>\n","protected":false},"excerpt":{"rendered":"<p>Le service de Soins M\u00e9dicaux et de R\u00e9adaptation G\u00e9riatrique (SMRG) 30 lits d\u2019hospitalisation traditionnelle situ\u00e9s sur le site de Marines Equipe m\u00e9dicale Dr Renato MINICUCI, chef de service par int\u00e9rim Cadre de sant\u00e9 Christine Talot Secr\u00e9taire M\u00e9dicale Catherine DELDICQUE Du lundi au vendredi de 9h00 \u00e0 16h30. T\u00e9l\u00e9phone : 01 34 67 56 41 T\u00e9l\u00e9copie [&hellip;]<\/p>\n","protected":false},"author":1,"featured_media":0,"parent":582,"menu_order":0,"comment_status":"closed","ping_status":"closed","template":"","meta":{"_acf_changed":false,"footnotes":"","_links_to":"","_links_to_target":""},"class_list":["post-159","page","type-page","status-publish","hentry"],"acf":[],"_links":{"self":[{"href":"https:\/\/hopital-novo.fr\/ghi-vexin\/wp-json\/wp\/v2\/pages\/159","targetHints":{"allow":["GET"]}}],"collection":[{"href":"https:\/\/hopital-novo.fr\/ghi-vexin\/wp-json\/wp\/v2\/pages"}],"about":[{"href":"https:\/\/hopital-novo.fr\/ghi-vexin\/wp-json\/wp\/v2\/types\/page"}],"author":[{"embeddable":true,"href":"https:\/\/hopital-novo.fr\/ghi-vexin\/wp-json\/wp\/v2\/users\/1"}],"replies":[{"embeddable":true,"href":"https:\/\/hopital-novo.fr\/ghi-vexin\/wp-json\/wp\/v2\/comments?post=159"}],"version-history":[{"count":19,"href":"https:\/\/hopital-novo.fr\/ghi-vexin\/wp-json\/wp\/v2\/pages\/159\/revisions"}],"predecessor-version":[{"id":2205,"href":"https:\/\/hopital-novo.fr\/ghi-vexin\/wp-json\/wp\/v2\/pages\/159\/revisions\/2205"}],"up":[{"embeddable":true,"href":"https:\/\/hopital-novo.fr\/ghi-vexin\/wp-json\/wp\/v2\/pages\/582"}],"wp:attachment":[{"href":"https:\/\/hopital-novo.fr\/ghi-vexin\/wp-json\/wp\/v2\/media?parent=159"}],"curies":[{"name":"wp","href":"https:\/\/api.w.org\/{rel}","templated":true}]}}

SMR Gériatrique

<p>Le service de Soins Médicaux et de Réadaptation Gériatrique (SMRG)<br />
30 lits d’hospitalisation traditionnelle situés sur le site de Marines</p>
<p><strong>Equipe médicale</strong></p>
<ul>
<li>Dr Renato MINICUCI, chef de service par intérim</li>
</ul>
<p><strong>Cadre de santé</strong></p>
<ul>
<li>Christine Talot</li>
</ul>
<p><strong>Secrétaire Médicale</strong></p>
<ul>
<li>Catherine DELDICQUE<br />
Du lundi au vendredi de 9h00 à 16h30.<br />
Téléphone : 01 34 67 56 41<br />
Télécopie : 01 34 67 56 44<br />
<a href="mailto:ssrg@ght-novo.fr">Email</a></li>
</ul>
<p><strong>Assistante sociale</strong></p>
<ul>
<li data-olk-copy-source="MessageBody">Mme Béatrice KAZUBEK<br />
beatrice.kazubek@ght-novo.fr<br />
Tél. : 01 34 67 55 14</li>
<li>Secrétariat social<br />
01 34 67 55 02 &#8211; celine.guyard@ght-novo.fr</li>
</ul>
<p><strong>Équipe paramédicale et soignante Infirmiers, Aides soignants</strong></p>
<ul>
<li>Diététiciennes</li>
<li>Ergothérapeutes</li>
<li>Neuropsychologue</li>
<li>Psychomotricien</li>
<li>Masseur-kinésithérapeute</li>
</ul>
<h3><span class="Normal-7-C">LES MISSIONS</span></h3>
<p><span class="Normal-C1">Les missions du SMR Gériatrique sont de prévenir ou réduire les conséquences fonctionnelles, physiques, cognitives, psychologiques, sociales des déficiences et limitations de capacité et de promouvoir la réadaptation du patient âgé :<br />
• soins éducatifs, préventifs, curatifs et palliatifs,<br />
• la réadaptation fonctionnelle, rééducation et restauration de l’autonomie,<br />
• diagnostic, évaluations (cognitive, chute, nutrition, escarre …),<br />
• préparation à l’accompagnement et à la réinsertion familiale et sociale,<br />
• orientation vers une structure médicosociale.</span></p>
<h3><span class="Normal-C1">LA PRISE EN CHARGE</span></h3>
<p><span class="Normal-C1">La prise en charge des patients est assurée de façon continue par une équipe pluridisciplinaire formée spécifiquement à la gériatrie (voir liste ci-contre).</span></p>
<h3><span class="Normal-C1">L’ADMISSION</span></h3>
<p><span class="Normal-C4">• </span><span class="Normal-C1">À partir des courts séjours<br />
• Possibilité d’entrée directe à partir du domicile. Le médecin traitant/référent doit se mettre en contact avec le médecin de l’unité.<br />
• Un dossier d’inscription est alors à demander et à retourner complété et étayé au SMR Gériatrique par le médecin traitant/référent.<br />
Lors de l’admission d’une personne, une évaluation gérontologique est réalisée.<br />
Elle permet :<br />
• d’établir un bilan de santé et un bilan médico-social,<br />
• d’évaluer le degré d’autonomie,<br />
• de définir la prise en charge globale dont la personne âgée à besoin.</span></p>
<h3><span class="Normal-C1"><br />
</span><span class="Normal-C3">LE SERVICE</span></h3>
<p><span class="Normal-C1">Le service possède des locaux et équipements adaptés aux personnes âgées présentant une dépendance physique ou psychologique.<br />
L’unité dispose de 26 chambres individuelles et deux doubles, équipées de salle de bain /douche, de lits à hauteur réglable, de fluides médicaux en prises murales et d’un téléviseur individuel.<br />
Les locaux de rééducation disposent de matériels adaptés (table de verticalisation, barres parallèles, système de pouliethérapie).<br />
Les espaces de circulation sont équipés de main courante.<br />
Une salle à manger commune permet la prise de repas.</span></p>
<h3><span class="Normal-C1">LA DURÉE DE SÉJOUR</span></h3>
<p><span class="Normal-C1">Elle est adaptée à chaque patient.</span></p>
<h3><span class="Normal-C1"><br />
</span><span class="Normal-C3">HEURES DE VISITE</span></h3>
<p><span class="Normal-C1">De 14h30 à 20h00.</span></p>
<p><span class="Normal-C3">LA PRISE EN CHARGE FINANCIÈRE<br />
</span><span class="Normal-C4">T</span><span class="Normal-C1">out assuré social peut être admis dans cette structure.<br />
Le tarif journalier général pris en charge par la Sécurité Sociale est de 520 € en 2012.<br />
Il existe un forfait journalier de 18 € pris en charge par les mutuelles.<br />
Si vous n’êtes pas à 100% (ALD), vous devez vérifier auprès de votre mutuelle si les transports sont bien pris en charge.</span></p>
<p><a href="https://hopital-novo.fr/ghi-vexin/wp-content/uploads/2025/01/D9835-Livret-A5-SMRG-Marines-HD-1.pdf" target="_blank" rel="noopener">Plaquette de présentation du service</a></p>

<p>Le service de Soins Médicaux et de Réadaptation Gériatrique (SMRG) 30 lits d’hospitalisation traditionnelle situés sur le site de Marines Equipe médicale Dr Renato MINICUCI, chef de service par intérim Cadre de santé Christine Talot Secrétaire Médicale Catherine DELDICQUE Du lundi au vendredi de 9h00 à 16h30. Téléphone : 01 34 67 56 41 Télécopie [&hellip;]</p>
