{"id":156,"date":"2019-04-16T12:28:35","date_gmt":"2019-04-16T10:28:35","guid":{"rendered":"https:\/\/www.ght-novo.fr\/ghi-vexin\/\/?page_id=156"},"modified":"2024-08-29T12:33:09","modified_gmt":"2024-08-29T10:33:09","slug":"hopital-de-semaine","status":"publish","type":"page","link":"https:\/\/hopital-novo.fr\/ghi-vexin\/services-de-soins\/hopital-de-semaine\/","title":{"rendered":"H\u00f4pital de Semaine"},"content":{"rendered":"<p>L&rsquo;Hospitalisation de Semaine (HDS) :<br \/>\nServices de SMR sp\u00e9cialis\u00e9s du site d&rsquo;Aincourt<\/p>\n<p>Services de SMR proposant une hospitalisation de semaine sur le site d&rsquo;Aincourt (b\u00e2timent des C\u00e8dres) :<\/p>\n<p><a href=\"https:\/\/hopital-novo.fr\/ghi-vexin\/\/index.php\/ssr-neurologique\/\">SMR Neurologique au 1er \u00e9tage<\/a><\/p>\n<p><a href=\"https:\/\/hopital-novo.fr\/ghi-vexin\/\/index.php\/ssr-pneumologie\/\">SMR Pneumologie \u00a0\/ r\u00e9habilitation respiratoire au 1er \u00e9tage<\/a><\/p>\n<p><a href=\"https:\/\/hopital-novo.fr\/ghi-vexin\/\/index.php\/ssr-diabetologie-nutrition\/\">SMR Diab\u00e9tologie-Nutrition au 2\u00e8me \u00e9tage<\/a><\/p>\n","protected":false},"excerpt":{"rendered":"<p>L&rsquo;Hospitalisation de Semaine (HDS) : Services de SMR sp\u00e9cialis\u00e9s du site d&rsquo;Aincourt Services de SMR proposant une hospitalisation de semaine sur le site d&rsquo;Aincourt (b\u00e2timent des C\u00e8dres) : SMR Neurologique au 1er \u00e9tage SMR Pneumologie \u00a0\/ r\u00e9habilitation respiratoire au 1er \u00e9tage SMR Diab\u00e9tologie-Nutrition au 2\u00e8me \u00e9tage<\/p>\n","protected":false},"author":1,"featured_media":0,"parent":582,"menu_order":0,"comment_status":"closed","ping_status":"closed","template":"","meta":{"_acf_changed":false,"footnotes":"","_links_to":"","_links_to_target":""},"class_list":["post-156","page","type-page","status-publish","hentry"],"acf":[],"_links":{"self":[{"href":"https:\/\/hopital-novo.fr\/ghi-vexin\/wp-json\/wp\/v2\/pages\/156","targetHints":{"allow":["GET"]}}],"collection":[{"href":"https:\/\/hopital-novo.fr\/ghi-vexin\/wp-json\/wp\/v2\/pages"}],"about":[{"href":"https:\/\/hopital-novo.fr\/ghi-vexin\/wp-json\/wp\/v2\/types\/page"}],"author":[{"embeddable":true,"href":"https:\/\/hopital-novo.fr\/ghi-vexin\/wp-json\/wp\/v2\/users\/1"}],"replies":[{"embeddable":true,"href":"https:\/\/hopital-novo.fr\/ghi-vexin\/wp-json\/wp\/v2\/comments?post=156"}],"version-history":[{"count":1,"href":"https:\/\/hopital-novo.fr\/ghi-vexin\/wp-json\/wp\/v2\/pages\/156\/revisions"}],"predecessor-version":[{"id":2053,"href":"https:\/\/hopital-novo.fr\/ghi-vexin\/wp-json\/wp\/v2\/pages\/156\/revisions\/2053"}],"up":[{"embeddable":true,"href":"https:\/\/hopital-novo.fr\/ghi-vexin\/wp-json\/wp\/v2\/pages\/582"}],"wp:attachment":[{"href":"https:\/\/hopital-novo.fr\/ghi-vexin\/wp-json\/wp\/v2\/media?parent=156"}],"curies":[{"name":"wp","href":"https:\/\/api.w.org\/{rel}","templated":true}]}}