


{"id":82,"date":"2015-03-17T16:12:00","date_gmt":"2015-03-17T15:12:00","guid":{"rendered":"https:\/\/hopital-novo.fr\/ghcpo\/?page_id=82"},"modified":"2024-02-05T17:27:57","modified_gmt":"2024-02-05T16:27:57","slug":"mentions-legales","status":"publish","type":"page","link":"https:\/\/hopital-novo.fr\/ghcpo\/mentions-legales\/","title":{"rendered":"Mentions l\u00e9gales"},"content":{"rendered":"<h2>Editeur<\/h2>\n<p>H\u00f4pital NOVO<br \/>\nRCS Ville tribunal : 26950262100015<br \/>\nSi\u00e8ge social : 6 Avenue de l&rsquo;\u00cele de France &#8211; CS 90079 Pontoise &#8211; 95303 CERGY PONTOISE<br \/>\nN\u00b0 de t\u00e9l\u00e9phone : 0139371520<\/p>\n<p><strong>Directeur de la publication<\/strong> :\u00a0 Alexandre AUBERT<\/p>\n<p><strong>Directeur de la Communication<\/strong> : Patricia DARDAINE<\/p>\n<p>Cr\u00e9dits photos :<\/p>\n<p style=\"padding-left: 30px;\">Fotolia<br \/>\nArchives de l&rsquo;h\u00f4pital<br \/>\nPrimaphot<\/p>\n<h2>H\u00e9bergement<\/h2>\n<p>Design et r\u00e9alisation : Interlude Sant\u00e9<br \/>\nwww.interludesante.com<br \/>\nT\u00e9l : 04 72 24 56 28<\/p>\n<p>L&rsquo;h\u00e9bergement du site est r\u00e9alis\u00e9 par la soci\u00e9t\u00e9 OVH.<br \/>\nSARL OVH<br \/>\nAdresse : 140, quai du Sartel &#8211; 59100 ROUBAIX| FRANCE<br \/>\nTel : 0 899 701 761 &#8211; Fax : 03 20 20 09 58<br \/>\nMail :support@ovh.com<br \/>\nSite : www.ovh.com<\/p>\n<p>&nbsp;<\/p>\n<h2>Confidentialit\u00e9<\/h2>\n<p>L&rsquo;H\u00f4pital NOVO n&rsquo;enregistre pas d&rsquo;informations personnelles permettant l&rsquo;identification, \u00e0 l&rsquo;exception des formulaires que l&rsquo;utilisateur est libre de remplir. Ces informations ne seront pas utilis\u00e9es sans votre accord, nous les utiliserons seulement pour vous adresser des courriers, des brochures, des devis ou vous contacter.<\/p>\n<p>&nbsp;<\/p>\n<h2>\u00a0Droits de propri\u00e9t\u00e9 intellectuelle<\/h2>\n<p>Les photographies, textes, slogans, dessins, images, s\u00e9quences anim\u00e9es sonores ou non ainsi que toutes les \u0153uvres int\u00e9gr\u00e9es dans le site sont la propri\u00e9t\u00e9 de l&rsquo;H\u00f4pital NOVO ou de tiers ayant autoris\u00e9 l&rsquo;H\u00f4pital NOVO \u00e0 les utiliser. L\u2019utilisation d\u2019une photographie du site ne peut se faire qu\u2019apr\u00e8s accord \u00e9crit de la Direction de la Communication de l&rsquo;H\u00f4pital NOVO, avec mention du copyright.<\/p>\n<p>Les reproductions, sur un support papier ou informatique, dudit site sont autoris\u00e9es sous r\u00e9serve qu\u2019elles soient strictement r\u00e9serv\u00e9es \u00e0 un usage personnel excluant tout usage \u00e0 des fins publicitaires et\/ou commerciales et\/ou d\u2019information et\/ou qu\u2019elles soient conformes aux dispositions de l\u2019article L122-5 du Code de la Propri\u00e9t\u00e9 Intellectuelle.<\/p>\n<p>Tous les contenus pr\u00e9sents sur le site internet de l&rsquo;H\u00f4pital NOVO sont couverts par le droit d\u2019auteur. D\u00e8s lors, \u00e0 l\u2019exception de l\u2019iconographie, la reproduction des pages de ce site sur un support papier ou \u00e9lectronique sous peine de contrefa\u00e7on (article L 335-2 du Code la Propri\u00e9t\u00e9 Intellectuelle), est autoris\u00e9e sous r\u00e9serve des conditions suivantes :<br \/>\n\u2013 accord de l\u2019auteur ou par d\u00e9faut de l&rsquo;H\u00f4pital NOVO (art. L. 122-4 du Code de la Propri\u00e9t\u00e9 Intellectuelle),<br \/>\n\u2013 gratuit\u00e9 de la diffusion,<br \/>\n\u2013 respect de l\u2019int\u00e9grit\u00e9 des documents reproduits (aucune modification, ni alt\u00e9ration d\u2019aucune sorte),<br \/>\n\u2013 citation explicite du site internet www.hopital-novo.fr comme source et mention que les droits de reproduction sont r\u00e9serv\u00e9s et strictement limit\u00e9s.<\/p>\n<p>&nbsp;<\/p>\n<h2>Utilisation de cookies<\/h2>\n<p>La gestion des commandes n\u00e9cessite l&rsquo;utilisation de cookies. Des informations non personnelles sont enregistr\u00e9es par ce syst\u00e8me de cookies (fichiers texte utilis\u00e9s pour reconna\u00eetre un utilisateur et ainsi faciliter son utilisation du site). Ceux-ci n&rsquo;ont aucune signification en dehors de leur utilisation sur le site de l&rsquo;H\u00f4pital NOVO.<\/p>\n<p>&nbsp;<\/p>\n<h2>La recherche au sein de l&rsquo;H\u00f4pital NOVO<\/h2>\n<p>\u00a0Selon le Code de sant\u00e9 publique, le service public hospitalier a obligation d&rsquo;assurer ou de concourir, entre autres, \u00e0 la recherche. En effet, l&rsquo;h\u00f4pital est un lieu de recherche clinique et une importante source d&rsquo;innovations m\u00e9dicales et pharmaceutiques.<\/p>\n<p>\u00a0Conform\u00e9ment \u00e0 la r\u00e9glementation en vigueur, une analyse d\u2019impact relative \u00e0 la protection des donn\u00e9es est r\u00e9alis\u00e9e \u00e0 chaque nouvelle recherche.<\/p>\n<p>Les sites de l&rsquo;H\u00f4pital NOVO participent \u00e0 des recherches impliquant la personne humaine :<\/p>\n<ul>\n<li><strong>Des recherches interventionnelles.<\/strong><\/li>\n<\/ul>\n<p>Pour ce type de recherche, une information individuelle est assur\u00e9e et le consentement de la personne concern\u00e9e est recueilli.<\/p>\n<ul>\n<li><strong>Des recherches non interventionnelles.<\/strong><\/li>\n<\/ul>\n<p>Pour ce type de recherche, la personne concern\u00e9e peut s\u2019opposer au traitement de ses donn\u00e9es.<\/p>\n<p>Pour l\u2019ensemble de ces recherches impliquant la personne humaine, la m\u00e9thodologie de r\u00e9f\u00e9rence correspondante. Si cette derni\u00e8re n\u2019est pas applicable, une demande d\u2019autorisation sera faite aupr\u00e8s de la CNIL.<\/p>\n<p>Les sites de l&rsquo;H\u00f4pital NOVO participent aussi \u00e0 des recherches n\u2019impliquant pas la personne humaine.<\/p>\n<p>Selon les cas de recherche, une note d\u2019information ou un consentement sera r\u00e9alis\u00e9 aupr\u00e8s de la personne concern\u00e9e.<\/p>\n<p>Dans le cas des recherches multicentriques (impliquant plusieurs centres de recherche), une m\u00e9thodologie de r\u00e9f\u00e9rence pourra \u00eatre suivie. Si cette derni\u00e8re n\u2019est pas applicable, une demande d\u2019autorisation sera faite aupr\u00e8s de la CNIL.<\/p>\n<p>L&rsquo;H\u00f4pital NOVO ne contr\u00f4le pas les sites en connexion avec le sien, et ne saurait donc \u00eatre responsable de leur contenu. Les risques li\u00e9s \u00e0 l&rsquo;utilisation de ces sites incombent pleinement \u00e0 l&rsquo;utilisateur. Il se conformera \u00e0 leurs conditions d&rsquo;utilisation.<\/p>\n<p>&nbsp;<\/p>\n[matomo_opt_out]\n","protected":false},"excerpt":{"rendered":"<p>Editeur H\u00f4pital NOVO RCS Ville tribunal : 26950262100015 Si\u00e8ge social : 6 Avenue de l&rsquo;\u00cele de France &#8211; CS 90079 Pontoise &#8211; 95303 CERGY PONTOISE N\u00b0 de t\u00e9l\u00e9phone : 0139371520 Directeur de la publication :\u00a0 Alexandre AUBERT Directeur de la Communication : Patricia DARDAINE Cr\u00e9dits [&hellip;]<\/p>\n","protected":false},"author":1,"featured_media":0,"parent":0,"menu_order":0,"comment_status":"open","ping_status":"open","template":"","meta":{"_acf_changed":false,"footnotes":""},"class_list":["post-82","page","type-page","status-publish","hentry"],"acf":[],"_links":{"self":[{"href":"https:\/\/hopital-novo.fr\/ghcpo\/wp-json\/wp\/v2\/pages\/82","targetHints":{"allow":["GET"]}}],"collection":[{"href":"https:\/\/hopital-novo.fr\/ghcpo\/wp-json\/wp\/v2\/pages"}],"about":[{"href":"https:\/\/hopital-novo.fr\/ghcpo\/wp-json\/wp\/v2\/types\/page"}],"author":[{"embeddable":true,"href":"https:\/\/hopital-novo.fr\/ghcpo\/wp-json\/wp\/v2\/users\/1"}],"replies":[{"embeddable":true,"href":"https:\/\/hopital-novo.fr\/ghcpo\/wp-json\/wp\/v2\/comments?post=82"}],"version-history":[{"count":4,"href":"https:\/\/hopital-novo.fr\/ghcpo\/wp-json\/wp\/v2\/pages\/82\/revisions"}],"predecessor-version":[{"id":3058,"href":"https:\/\/hopital-novo.fr\/ghcpo\/wp-json\/wp\/v2\/pages\/82\/revisions\/3058"}],"wp:attachment":[{"href":"https:\/\/hopital-novo.fr\/ghcpo\/wp-json\/wp\/v2\/media?parent=82"}],"curies":[{"name":"wp","href":"https:\/\/api.w.org\/{rel}","templated":true}]}}