


{"id":5,"date":"2015-03-13T11:55:11","date_gmt":"2015-03-13T10:55:11","guid":{"rendered":"https:\/\/hopital-novo.fr\/ghcpo\/?page_id=5"},"modified":"2025-12-04T15:43:59","modified_gmt":"2025-12-04T14:43:59","slug":"presentation-du-ghcpo","status":"publish","type":"page","link":"https:\/\/hopital-novo.fr\/ghcpo\/presentation-du-ghcpo\/","title":{"rendered":"Pr\u00e9sentation"},"content":{"rendered":"<p>L\u2019H\u00f4pital NOVO (Nord-Ouest Val-d\u2019Oise) est un \u00e9tablissement n\u00e9 le 1er janvier 2023, de l\u2019union de 3 \u00e9tablissements : le Centre Hospitalier Ren\u00e9-Dubos de Pontoise (CHRD), le Groupe Hospitalier Carnelle Portes de l\u2019Oise (GHCPO) et le Groupement Hospitalier Intercommunal du Vexin (GHIV).<\/p>\n<p>Acteur incontournable du service public hospitalier de l\u2019Ile-de-France, son objectif est de contribuer \u00e0 lutter contre les in\u00e9galit\u00e9s sociales et g\u00e9ographiques en mati\u00e8re d\u2019acc\u00e8s aux soins, par le renforcement des comp\u00e9tences existantes et des coop\u00e9rations intra et extra hospitali\u00e8res.<\/p>\n<p style=\"text-align: center;\">L&rsquo;H\u00f4pital NOVO s&rsquo;\u00e9tend sur 5 sites<\/p>\n<p><a href=\"https:\/\/hopital-novo.fr\/ghcpo\/wp-content\/uploads\/2025\/12\/cartographie-Hopital-NOVO.png\"><img loading=\"lazy\" decoding=\"async\" class=\"aligncenter size-full wp-image-3550\" src=\"https:\/\/hopital-novo.fr\/ghcpo\/wp-content\/uploads\/2025\/12\/cartographie-Hopital-NOVO.png\" alt=\"\" width=\"774\" height=\"507\" srcset=\"https:\/\/hopital-novo.fr\/ghcpo\/wp-content\/uploads\/2025\/12\/cartographie-Hopital-NOVO.png 774w, https:\/\/hopital-novo.fr\/ghcpo\/wp-content\/uploads\/2025\/12\/cartographie-Hopital-NOVO-300x197.png 300w, https:\/\/hopital-novo.fr\/ghcpo\/wp-content\/uploads\/2025\/12\/cartographie-Hopital-NOVO-768x503.png 768w\" sizes=\"auto, (max-width: 774px) 100vw, 774px\" \/><\/a><\/p>\n<p>Le site de Beaumont-sur-Oise accueille un service d\u2019urgences\/SMUR, des activit\u00e9s de m\u00e9decine, chirurgie ambulatoire, consultations, gyn\u00e9cologie-obst\u00e9trique, SMR polyvalent, SRPR, psychiatrie adultes et enfants. Il comprend \u00e9galement un EHPAD, une Maison d\u2019Accueil Sp\u00e9cialis\u00e9e (MAS) et SMR G\u00e9riatrique.<\/p>\n<p>Un IFSI et un IFAS sont \u00e9galement pr\u00e9sents sur Beaumont-sur-Oise (site des Oliviers).<\/p>\n<p>Vous pouvez <a href=\"https:\/\/hopital-novo.fr\/ghcpo\/wp-content\/uploads\/2023\/09\/RI-NOVO-aout-2023.pdf\" target=\"_blank\" rel=\"noopener\">t\u00e9l\u00e9charger ici<\/a> le <strong>r\u00e8glement int\u00e9rieur<\/strong> de l&rsquo;H\u00f4pital NOVO.<\/p>\n<p>&nbsp;<\/p>\n","protected":false},"excerpt":{"rendered":"<p>L\u2019H\u00f4pital NOVO (Nord-Ouest Val-d\u2019Oise) est un \u00e9tablissement n\u00e9 le 1er janvier 2023, de l\u2019union de 3 \u00e9tablissements : le Centre Hospitalier Ren\u00e9-Dubos de Pontoise (CHRD), le Groupe Hospitalier Carnelle Portes de l\u2019Oise (GHCPO) et le Groupement Hospitalier Intercommunal du Vexin (GHIV). Acteur incontournable du service [&hellip;]<\/p>\n","protected":false},"author":1,"featured_media":0,"parent":0,"menu_order":0,"comment_status":"open","ping_status":"open","template":"","meta":{"_acf_changed":false,"footnotes":""},"class_list":["post-5","page","type-page","status-publish","hentry"],"acf":[],"_links":{"self":[{"href":"https:\/\/hopital-novo.fr\/ghcpo\/wp-json\/wp\/v2\/pages\/5","targetHints":{"allow":["GET"]}}],"collection":[{"href":"https:\/\/hopital-novo.fr\/ghcpo\/wp-json\/wp\/v2\/pages"}],"about":[{"href":"https:\/\/hopital-novo.fr\/ghcpo\/wp-json\/wp\/v2\/types\/page"}],"author":[{"embeddable":true,"href":"https:\/\/hopital-novo.fr\/ghcpo\/wp-json\/wp\/v2\/users\/1"}],"replies":[{"embeddable":true,"href":"https:\/\/hopital-novo.fr\/ghcpo\/wp-json\/wp\/v2\/comments?post=5"}],"version-history":[{"count":7,"href":"https:\/\/hopital-novo.fr\/ghcpo\/wp-json\/wp\/v2\/pages\/5\/revisions"}],"predecessor-version":[{"id":3551,"href":"https:\/\/hopital-novo.fr\/ghcpo\/wp-json\/wp\/v2\/pages\/5\/revisions\/3551"}],"wp:attachment":[{"href":"https:\/\/hopital-novo.fr\/ghcpo\/wp-json\/wp\/v2\/media?parent=5"}],"curies":[{"name":"wp","href":"https:\/\/api.w.org\/{rel}","templated":true}]}}