


{"id":306,"date":"2015-03-26T11:19:17","date_gmt":"2015-03-26T10:19:17","guid":{"rendered":"https:\/\/hopital-novo.fr\/ghcpo\/?page_id=306"},"modified":"2024-02-09T15:27:29","modified_gmt":"2024-02-09T14:27:29","slug":"les-instituts-de-formation-du-groupe-hospitalier-carnelle-portes-de-loise","status":"publish","type":"page","link":"https:\/\/hopital-novo.fr\/ghcpo\/les-instituts-de-formation-du-groupe-hospitalier-carnelle-portes-de-loise\/","title":{"rendered":"Les Instituts de Formation"},"content":{"rendered":"<p>Plus d&rsquo;informations sur le <a href=\"http:\/\/www.ifsi-ifas-beaumontsuroise.com\/\" target=\"_blank\" rel=\"noopener\">site web de l&rsquo;institut de formation<\/a><\/p>\n<p>L\u2019Institut de Formation en Soins Infirmiers et l&rsquo;Institut de Formation d&rsquo;Aides-Soignants sont rattach\u00e9s \u00e0 l&rsquo;H\u00f4pital NOVO.<br \/>\nIls proposent les formations suivantes :<\/p>\n<ul>\n<li>Dipl\u00f4me d\u2019Etat d\u2019Infirmier<\/li>\n<li>Dipl\u00f4me d\u2019Etat d\u2019Aide-Soignant<\/li>\n<li>Actions de formation continue (tutorat, etc.)<\/li>\n<\/ul>\n<p><strong>Ils accueillent :<\/strong><br \/>\n3 promotions de 70 \u00e9tudiants en soins infirmiers<br \/>\n1 promotion de 20 \u00e9l\u00e8ves aides-soignants (formation initiale de 10 mois)\u00a0<\/p>\n<p style=\"text-align: center;\"><a href=\"https:\/\/hopital-novo.fr\/ghcpo\/wp-content\/uploads\/2015\/03\/Montage.jpg\"><img loading=\"lazy\" decoding=\"async\" width=\"750\" height=\"677\" class=\"alignnone size-full wp-image-310\" src=\"https:\/\/hopital-novo.fr\/ghcpo\/wp-content\/uploads\/2015\/03\/Montage.jpg\" alt=\"Montage\" srcset=\"https:\/\/hopital-novo.fr\/ghcpo\/wp-content\/uploads\/2015\/03\/Montage.jpg 750w, https:\/\/hopital-novo.fr\/ghcpo\/wp-content\/uploads\/2015\/03\/Montage-300x271.jpg 300w\" sizes=\"auto, (max-width: 750px) 100vw, 750px\" \/><\/a><\/p>\n<p style=\"text-align: center;\">\u00a0<\/p>\n<p style=\"text-align: center;\"><a href=\"https:\/\/hopital-novo.fr\/ghcpo\/wp-content\/uploads\/2015\/03\/logoIledeFrance.jpg\"><img loading=\"lazy\" decoding=\"async\" width=\"300\" height=\"53\" class=\"aligncenter size-medium wp-image-309\" src=\"https:\/\/hopital-novo.fr\/ghcpo\/wp-content\/uploads\/2015\/03\/logoIledeFrance-300x53.jpg\" alt=\"logoIledeFrance\" srcset=\"https:\/\/hopital-novo.fr\/ghcpo\/wp-content\/uploads\/2015\/03\/logoIledeFrance-300x53.jpg 300w, https:\/\/hopital-novo.fr\/ghcpo\/wp-content\/uploads\/2015\/03\/logoIledeFrance.jpg 472w\" sizes=\"auto, (max-width: 300px) 100vw, 300px\" \/><\/a><\/p>\n<p style=\"text-align: center;\"><a href=\"https:\/\/hopital-novo.fr\/ghcpo\/wp-content\/uploads\/2015\/03\/logo_convparis7-e1427365046943.jpg\"><img loading=\"lazy\" decoding=\"async\" class=\"alignnone  wp-image-308\" src=\"https:\/\/hopital-novo.fr\/ghcpo\/wp-content\/uploads\/2015\/03\/logo_convparis7-1024x454.jpg\" alt=\"logo_convparis7\" width=\"291\" height=\"156\" \/><\/a><\/p>\n","protected":false},"excerpt":{"rendered":"<p>Plus d&rsquo;informations sur le site web de l&rsquo;institut de formation L\u2019Institut de Formation en Soins Infirmiers et l&rsquo;Institut de Formation d&rsquo;Aides-Soignants sont rattach\u00e9s \u00e0 l&rsquo;H\u00f4pital NOVO. Ils proposent les formations suivantes : Dipl\u00f4me d\u2019Etat d\u2019Infirmier Dipl\u00f4me d\u2019Etat d\u2019Aide-Soignant Actions de formation continue (tutorat, etc.) Ils [&hellip;]<\/p>\n","protected":false},"author":3,"featured_media":0,"parent":0,"menu_order":0,"comment_status":"closed","ping_status":"closed","template":"","meta":{"_acf_changed":false,"footnotes":""},"class_list":["post-306","page","type-page","status-publish","hentry"],"acf":[],"_links":{"self":[{"href":"https:\/\/hopital-novo.fr\/ghcpo\/wp-json\/wp\/v2\/pages\/306","targetHints":{"allow":["GET"]}}],"collection":[{"href":"https:\/\/hopital-novo.fr\/ghcpo\/wp-json\/wp\/v2\/pages"}],"about":[{"href":"https:\/\/hopital-novo.fr\/ghcpo\/wp-json\/wp\/v2\/types\/page"}],"author":[{"embeddable":true,"href":"https:\/\/hopital-novo.fr\/ghcpo\/wp-json\/wp\/v2\/users\/3"}],"replies":[{"embeddable":true,"href":"https:\/\/hopital-novo.fr\/ghcpo\/wp-json\/wp\/v2\/comments?post=306"}],"version-history":[{"count":1,"href":"https:\/\/hopital-novo.fr\/ghcpo\/wp-json\/wp\/v2\/pages\/306\/revisions"}],"predecessor-version":[{"id":3080,"href":"https:\/\/hopital-novo.fr\/ghcpo\/wp-json\/wp\/v2\/pages\/306\/revisions\/3080"}],"wp:attachment":[{"href":"https:\/\/hopital-novo.fr\/ghcpo\/wp-json\/wp\/v2\/media?parent=306"}],"curies":[{"name":"wp","href":"https:\/\/api.w.org\/{rel}","templated":true}]}}