


{"id":180,"date":"2015-03-19T15:13:45","date_gmt":"2015-03-19T14:13:45","guid":{"rendered":"https:\/\/hopital-novo.fr\/ghcpo\/?page_id=180"},"modified":"2023-01-30T18:01:03","modified_gmt":"2023-01-30T17:01:03","slug":"informations-aux-familles","status":"publish","type":"page","link":"https:\/\/hopital-novo.fr\/ghcpo\/vous-etes-patient\/informations-aux-familles\/","title":{"rendered":"Informations aux familles"},"content":{"rendered":"<div class=\"contenu-texte\">\n<h2>1. Informations aux visiteurs :<\/h2>\n<p>Les visites sont autoris\u00e9es de 13h00 \u00e0 20h00 mais ces horaires peuvent varier en fonction du service. Nous vous remercions de bien vouloir vous renseigner aupr\u00e8s du service concern\u00e9.<\/p>\n<p>Dans leur propre int\u00e9r\u00eat et pour des raisons d\u2019hygi\u00e8ne et de s\u00e9curit\u00e9, <strong>l\u2019acc\u00e8s aux services d\u2019hospitalisation est interdit aux enfants de moins de 14 ans.<\/strong><\/p>\n<p>Des exceptions existent cependant dans certains services de l\u2019h\u00f4pital (Maternit\u00e9, P\u00e9diatrie, R\u00e9animation).<\/p>\n<h2>2. Informations aux familles endeuill\u00e9es :<\/h2>\n<p>Vous venez de perdre un \u00eatre cher. Nous souhaitons vous apporter des informations et des conseils afin de vous aider dans ce moment difficile. Nous sommes \u00e0 votre disposition pour vous rencontrer et r\u00e9pondre \u00e0 vos questions.<\/p>\n<p>Les d\u00e9marches que vous devrez entreprendre sont les suivantes\u00a0:<\/p>\n<p>\u00a0<span style=\"text-decoration: underline;\">Dans le service d\u2019hospitalisation\u00a0<\/span><\/p>\n<p>Les effets personnels de votre parent vous seront remis, sauf les objets de valeur qui seront obligatoirement d\u00e9pos\u00e9s au coffre de l\u2019h\u00f4pital.<\/p>\n<p>Le retrait des objets de valeur s\u2019effectue uniquement aupr\u00e8s de la Tr\u00e9sorerie de Beaumont-sur-Oise 10-12 rue Nationale : 01 30 34 48 50.<\/p>\n<p><span style=\"text-decoration: underline;\">Au bureau de la gestion administrative des patients<\/span><\/p>\n<p>Ce service vous accueille du lundi au vendredi\u00a0:<\/p>\n<p><span style=\"text-decoration: underline;\">Sur le site de Beaumont<\/span><\/p>\n<p>&#8211; de 8h00 \u00e0 17h30 au 01 39 37 13 72<\/p>\n<p>&nbsp;<\/p>\n<p>Afin de faciliter les d\u00e9marches administratives, munissez-vous du livret de famille du d\u00e9funt et de votre carte nationale d\u2019identit\u00e9. La d\u00e9claration de d\u00e9c\u00e8s sera faite au regard de ces documents.<\/p>\n<p>&nbsp;<\/p>\n<p><span style=\"text-decoration: underline;\">Au bureau d\u2019\u00e9tat civil de la mairie du lieu de d\u00e9c\u00e8s<\/span>\u00a0<\/p>\n<p>Ce service est seul habilit\u00e9 \u00e0 \u00e9tablir les certificats de d\u00e9c\u00e8s et d\u2019h\u00e9r\u00e9dit\u00e9<\/p>\n<p>&nbsp;<\/p>\n<p><span style=\"text-decoration: underline;\">Site de Beaumont <\/span>\u00a0<\/p>\n<p>Mairie de Beaumont-sur-Oise\u00a0: 01 39 28 79 69<\/p>\n<p>Le bureau d\u2019Etat Civil est ouvert du lundi au vendredi de 8h30 \u00e0 12h00<\/p>\n<p>et de 13h30 \u00e0 17h30. Le samedi de 8h30 \u00e0 12h00.<\/p>\n<p>&nbsp;<\/p>\n<p>&nbsp;<\/p>\n<p><span style=\"text-decoration: underline;\">Aupr\u00e8s de la chambre mortuaire<\/span><\/p>\n<p>Le service est ouvert du lundi au vendredi de 8h30 \u00e0 17h00.<\/p>\n<p>Vous pouvez joindre le service au 01 39 37 13 02. En cas d\u2019absence vous pouvez laisser un message ainsi que vos coordonn\u00e9es pour \u00eatre rappel\u00e9. Il vous appartient d\u2019y apporter les v\u00eatements et effets personnels du d\u00e9funt afin que soit proc\u00e9der \u00e0 l\u2019habillage conform\u00e9ment \u00e0 votre volont\u00e9.<\/p>\n<p>Pour la pratique de toilettes religieuses, il est n\u00e9cessaire que vous conveniez des modalit\u00e9s d\u2019organisation avec les agents du service.<\/p>\n<p>&nbsp;<\/p>\n<p><span style=\"text-decoration: underline;\">Organisation des obs\u00e8ques<\/span><\/p>\n<p>Le corps des personnes d\u00e9c\u00e9d\u00e9es \u00e0 l&rsquo;h\u00f4pital est conserv\u00e9 gratuitement pendant les quatre jours cons\u00e9cutifs au d\u00e9c\u00e8s, hors week-end et jours f\u00e9ri\u00e9s.<\/p>\n<p>\u00a0Vous avez la totale libert\u00e9 de choix concernant l\u2019entreprise de pompes fun\u00e8bres. Les agents du service ne sont en aucun cas autoris\u00e9s \u00e0 vous guider dans ce choix. La liste des soci\u00e9t\u00e9s de pompes fun\u00e8bres agr\u00e9\u00e9es par les pr\u00e9fectures du Val d\u2019Oise et de l\u2019Oise sont affich\u00e9es dans le service et disponibles au bureau de la Gestion Administrative des Patients.<\/p>\n<\/div>\n<p>&nbsp;<\/p>\n<p>&nbsp;<\/p>\n","protected":false},"excerpt":{"rendered":"<p>1. Informations aux visiteurs : Les visites sont autoris\u00e9es de 13h00 \u00e0 20h00 mais ces horaires peuvent varier en fonction du service. Nous vous remercions de bien vouloir vous renseigner aupr\u00e8s du service concern\u00e9. Dans leur propre int\u00e9r\u00eat et pour des raisons d\u2019hygi\u00e8ne et de [&hellip;]<\/p>\n","protected":false},"author":1,"featured_media":0,"parent":136,"menu_order":0,"comment_status":"closed","ping_status":"closed","template":"page-patients.php","meta":{"_acf_changed":false,"footnotes":""},"class_list":["post-180","page","type-page","status-publish","hentry"],"acf":[],"_links":{"self":[{"href":"https:\/\/hopital-novo.fr\/ghcpo\/wp-json\/wp\/v2\/pages\/180","targetHints":{"allow":["GET"]}}],"collection":[{"href":"https:\/\/hopital-novo.fr\/ghcpo\/wp-json\/wp\/v2\/pages"}],"about":[{"href":"https:\/\/hopital-novo.fr\/ghcpo\/wp-json\/wp\/v2\/types\/page"}],"author":[{"embeddable":true,"href":"https:\/\/hopital-novo.fr\/ghcpo\/wp-json\/wp\/v2\/users\/1"}],"replies":[{"embeddable":true,"href":"https:\/\/hopital-novo.fr\/ghcpo\/wp-json\/wp\/v2\/comments?post=180"}],"version-history":[{"count":0,"href":"https:\/\/hopital-novo.fr\/ghcpo\/wp-json\/wp\/v2\/pages\/180\/revisions"}],"up":[{"embeddable":true,"href":"https:\/\/hopital-novo.fr\/ghcpo\/wp-json\/wp\/v2\/pages\/136"}],"wp:attachment":[{"href":"https:\/\/hopital-novo.fr\/ghcpo\/wp-json\/wp\/v2\/media?parent=180"}],"curies":[{"name":"wp","href":"https:\/\/api.w.org\/{rel}","templated":true}]}}