


{"id":126,"date":"2015-03-19T10:27:10","date_gmt":"2015-03-19T09:27:10","guid":{"rendered":"https:\/\/hopital-novo.fr\/ghcpo\/?page_id=126"},"modified":"2024-01-29T15:02:52","modified_gmt":"2024-01-29T14:02:52","slug":"stage","status":"publish","type":"page","link":"https:\/\/hopital-novo.fr\/ghcpo\/espace-professionnel\/stage\/","title":{"rendered":"Stage"},"content":{"rendered":"<p>Vous pouvez adresser vos demandes de stages conventionn\u00e9s<\/p>\n<p>&nbsp;<\/p>\n<h5>pour le personnel soignant :<\/h5>\n<p>\u00e0 l&rsquo;adresse : <a href=\"mailto:aurelie.terpereau@ght-novo.fr\" target=\"_blank\" rel=\"noopener\">aurelie.terpereau@ght-novo.fr<\/a><\/p>\n<p>pour les stages en psychologie : <a href=\"mailto:lynda.bouaziz@ght-novo.fr\">lynda.bouaziz@ght-novo.fr<\/a><\/p>\n<p>&nbsp;<\/p>\n<h5>pour le personnel administratif et technique :<\/h5>\n<p>\u00e0 l&rsquo;adresse : <a href=\"mailto:emploi.chrd@ght-novo.fr\">emploi.chrd@ght-novo.fr<\/a><\/p>\n<p>&nbsp;<\/p>\n<h5>pour le personnel m\u00e9dical<\/h5>\n<p>\u00e0 l&rsquo;adresse : <a href=\"mailto:affairesmedicales@ght-novo.fr\">affairesmedicales@ght-novo.fr<\/a><\/p>\n","protected":false},"excerpt":{"rendered":"<p>Vous pouvez adresser vos demandes de stages conventionn\u00e9s &nbsp; pour le personnel soignant : \u00e0 l&rsquo;adresse : aurelie.terpereau@ght-novo.fr pour les stages en psychologie : lynda.bouaziz@ght-novo.fr &nbsp; pour le personnel administratif et technique : \u00e0 l&rsquo;adresse : emploi.chrd@ght-novo.fr &nbsp; pour le personnel m\u00e9dical \u00e0 l&rsquo;adresse : [&hellip;]<\/p>\n","protected":false},"author":1,"featured_media":0,"parent":120,"menu_order":0,"comment_status":"open","ping_status":"open","template":"page-professionnels.php","meta":{"_acf_changed":false,"footnotes":""},"class_list":["post-126","page","type-page","status-publish","hentry"],"acf":[],"_links":{"self":[{"href":"https:\/\/hopital-novo.fr\/ghcpo\/wp-json\/wp\/v2\/pages\/126","targetHints":{"allow":["GET"]}}],"collection":[{"href":"https:\/\/hopital-novo.fr\/ghcpo\/wp-json\/wp\/v2\/pages"}],"about":[{"href":"https:\/\/hopital-novo.fr\/ghcpo\/wp-json\/wp\/v2\/types\/page"}],"author":[{"embeddable":true,"href":"https:\/\/hopital-novo.fr\/ghcpo\/wp-json\/wp\/v2\/users\/1"}],"replies":[{"embeddable":true,"href":"https:\/\/hopital-novo.fr\/ghcpo\/wp-json\/wp\/v2\/comments?post=126"}],"version-history":[{"count":2,"href":"https:\/\/hopital-novo.fr\/ghcpo\/wp-json\/wp\/v2\/pages\/126\/revisions"}],"predecessor-version":[{"id":3046,"href":"https:\/\/hopital-novo.fr\/ghcpo\/wp-json\/wp\/v2\/pages\/126\/revisions\/3046"}],"up":[{"embeddable":true,"href":"https:\/\/hopital-novo.fr\/ghcpo\/wp-json\/wp\/v2\/pages\/120"}],"wp:attachment":[{"href":"https:\/\/hopital-novo.fr\/ghcpo\/wp-json\/wp\/v2\/media?parent=126"}],"curies":[{"name":"wp","href":"https:\/\/api.w.org\/{rel}","templated":true}]}}